{"id":9964,"date":"2018-02-10T18:34:09","date_gmt":"2018-02-10T18:34:09","guid":{"rendered":"http:\/\/sexshopzagues.com.mx\/tienda\/?post_type=product&#038;p=9964"},"modified":"2023-02-25T06:16:38","modified_gmt":"2023-02-25T06:16:38","slug":"orgasmo-almohadilla-10ml","status":"publish","type":"product","link":"https:\/\/sexshopzagues.com.mx\/tienda\/?product=orgasmo-almohadilla-10ml","title":{"rendered":"ORGASMO Tubo 10ml"},"content":{"rendered":"<p>\u00a1Aplique una cantidad generosa de crema\u00a0 Orgasmo en el \u00e1rea del cl\u00edtoris y experimente los fuegos artificiales de la pasi\u00f3n esta noche! Esta f\u00f3rmula hormiguea tu cl\u00edtoris para aumentar la sensibilidad y despertar hasta el orgasmo. \u00a1Agregue un poco de algo extra esta noche y p\u00f3ngase HORNY!<\/p>\n","protected":false},"excerpt":{"rendered":"Crema estimulante femenina.","protected":false},"featured_media":12956,"comment_status":"open","ping_status":"closed","template":"","meta":[],"product_cat":[102,59],"product_tag":[103,76],"_links":{"self":[{"href":"https:\/\/sexshopzagues.com.mx\/tienda\/index.php?rest_route=\/wp\/v2\/product\/9964"}],"collection":[{"href":"https:\/\/sexshopzagues.com.mx\/tienda\/index.php?rest_route=\/wp\/v2\/product"}],"about":[{"href":"https:\/\/sexshopzagues.com.mx\/tienda\/index.php?rest_route=\/wp\/v2\/types\/product"}],"replies":[{"embeddable":true,"href":"https:\/\/sexshopzagues.com.mx\/tienda\/index.php?rest_route=%2Fwp%2Fv2%2Fcomments&post=9964"}],"wp:featuredmedia":[{"embeddable":true,"href":"https:\/\/sexshopzagues.com.mx\/tienda\/index.php?rest_route=\/wp\/v2\/media\/12956"}],"wp:attachment":[{"href":"https:\/\/sexshopzagues.com.mx\/tienda\/index.php?rest_route=%2Fwp%2Fv2%2Fmedia&parent=9964"}],"wp:term":[{"taxonomy":"product_cat","embeddable":true,"href":"https:\/\/sexshopzagues.com.mx\/tienda\/index.php?rest_route=%2Fwp%2Fv2%2Fproduct_cat&post=9964"},{"taxonomy":"product_tag","embeddable":true,"href":"https:\/\/sexshopzagues.com.mx\/tienda\/index.php?rest_route=%2Fwp%2Fv2%2Fproduct_tag&post=9964"}],"curies":[{"name":"wp","href":"https:\/\/api.w.org\/{rel}","templated":true}]}}