{"id":9575,"date":"2018-01-15T19:00:07","date_gmt":"2018-01-15T19:00:07","guid":{"rendered":"http:\/\/sexshopzagues.com.mx\/tienda\/?post_type=product&#038;p=9575"},"modified":"2023-02-25T06:32:49","modified_gmt":"2023-02-25T06:32:49","slug":"fetish-fantasy-series-classix-strap-on","status":"publish","type":"product","link":"https:\/\/sexshopzagues.com.mx\/tienda\/?product=fetish-fantasy-series-classix-strap-on","title":{"rendered":"Fetish Fantasy Series Classix Strap-on"},"content":{"rendered":"<p>Del\u00e9itese con los placeres simples de un cl\u00e1sico! Este sexy dildo strap-on es la manera perfecta de tomar el control en el dormitorio y satisfacer a su amante. El arn\u00e9s el\u00e1stico se ajusta f\u00e1cilmente para adaptarse a la mayor\u00eda de los tama\u00f1os, mientras que el consolador se mantiene c\u00f3modamente en su lugar cuando la acci\u00f3n se calienta. El consolador sin ftalato de 6 &#8220;(15 cm) es seguro para el cuerpo y tiene un tama\u00f1o perfecto para los principiantes. A tu pareja le encantar\u00e1 el grosor y la sensaci\u00f3n del dildo &#8230;\u00a0 te encantar\u00e1n los resultados. Regrese a lo b\u00e1sico!<\/p>\n","protected":false},"excerpt":{"rendered":"Arn\u00e9s con dildo, cl\u00e1sico.","protected":false},"featured_media":9576,"comment_status":"open","ping_status":"closed","template":"","meta":[],"product_cat":[63,58],"product_tag":[76],"_links":{"self":[{"href":"https:\/\/sexshopzagues.com.mx\/tienda\/index.php?rest_route=\/wp\/v2\/product\/9575"}],"collection":[{"href":"https:\/\/sexshopzagues.com.mx\/tienda\/index.php?rest_route=\/wp\/v2\/product"}],"about":[{"href":"https:\/\/sexshopzagues.com.mx\/tienda\/index.php?rest_route=\/wp\/v2\/types\/product"}],"replies":[{"embeddable":true,"href":"https:\/\/sexshopzagues.com.mx\/tienda\/index.php?rest_route=%2Fwp%2Fv2%2Fcomments&post=9575"}],"wp:featuredmedia":[{"embeddable":true,"href":"https:\/\/sexshopzagues.com.mx\/tienda\/index.php?rest_route=\/wp\/v2\/media\/9576"}],"wp:attachment":[{"href":"https:\/\/sexshopzagues.com.mx\/tienda\/index.php?rest_route=%2Fwp%2Fv2%2Fmedia&parent=9575"}],"wp:term":[{"taxonomy":"product_cat","embeddable":true,"href":"https:\/\/sexshopzagues.com.mx\/tienda\/index.php?rest_route=%2Fwp%2Fv2%2Fproduct_cat&post=9575"},{"taxonomy":"product_tag","embeddable":true,"href":"https:\/\/sexshopzagues.com.mx\/tienda\/index.php?rest_route=%2Fwp%2Fv2%2Fproduct_tag&post=9575"}],"curies":[{"name":"wp","href":"https:\/\/api.w.org\/{rel}","templated":true}]}}