{"id":9570,"date":"2018-01-15T18:50:16","date_gmt":"2018-01-15T18:50:16","guid":{"rendered":"http:\/\/sexshopzagues.com.mx\/tienda\/?post_type=product&#038;p=9570"},"modified":"2023-02-25T06:33:18","modified_gmt":"2023-02-25T06:33:18","slug":"fetish-fantasy-series-super-penetrix-strap-on","status":"publish","type":"product","link":"https:\/\/sexshopzagues.com.mx\/tienda\/?product=fetish-fantasy-series-super-penetrix-strap-on","title":{"rendered":"Fetish Fantasy Series Super Penetrix Strap-on"},"content":{"rendered":"<p>\u00bfQui\u00e9n dijo que los strap-ons eran unilaterales? Experimenta la emoci\u00f3n de dar y recibir con este Super Penetrix strap-on. Con un peque\u00f1o tap\u00f3n vaginal conectado a la parte posterior de un vibrador consolador para su pareja, ambos pueden disfrutar de una satisfacci\u00f3n simult\u00e1nea mientras se satisfacen todos los deseos. \u00a1Disfruta vibraciones vaginales internas intensas con cada impulso dominante!<\/p>\n<p>El c\u00f3modo arn\u00e9s de vinilo se ajusta f\u00e1cilmente para adaptarse a la mayor\u00eda de los tama\u00f1os, y con controles separados para cada vibrador consolador, obtienes satisfacci\u00f3n justo donde lo deseas.<\/p>\n<p>&nbsp;<\/p>\n","protected":false},"excerpt":{"rendered":"Arn\u00e9s con vibraci\u00f3n, consolador para ambas personas.","protected":false},"featured_media":9571,"comment_status":"open","ping_status":"closed","template":"","meta":[],"product_cat":[63,58],"product_tag":[76],"_links":{"self":[{"href":"https:\/\/sexshopzagues.com.mx\/tienda\/index.php?rest_route=\/wp\/v2\/product\/9570"}],"collection":[{"href":"https:\/\/sexshopzagues.com.mx\/tienda\/index.php?rest_route=\/wp\/v2\/product"}],"about":[{"href":"https:\/\/sexshopzagues.com.mx\/tienda\/index.php?rest_route=\/wp\/v2\/types\/product"}],"replies":[{"embeddable":true,"href":"https:\/\/sexshopzagues.com.mx\/tienda\/index.php?rest_route=%2Fwp%2Fv2%2Fcomments&post=9570"}],"wp:featuredmedia":[{"embeddable":true,"href":"https:\/\/sexshopzagues.com.mx\/tienda\/index.php?rest_route=\/wp\/v2\/media\/9571"}],"wp:attachment":[{"href":"https:\/\/sexshopzagues.com.mx\/tienda\/index.php?rest_route=%2Fwp%2Fv2%2Fmedia&parent=9570"}],"wp:term":[{"taxonomy":"product_cat","embeddable":true,"href":"https:\/\/sexshopzagues.com.mx\/tienda\/index.php?rest_route=%2Fwp%2Fv2%2Fproduct_cat&post=9570"},{"taxonomy":"product_tag","embeddable":true,"href":"https:\/\/sexshopzagues.com.mx\/tienda\/index.php?rest_route=%2Fwp%2Fv2%2Fproduct_tag&post=9570"}],"curies":[{"name":"wp","href":"https:\/\/api.w.org\/{rel}","templated":true}]}}