{"id":9302,"date":"2017-12-30T00:59:46","date_gmt":"2017-12-30T00:59:46","guid":{"rendered":"http:\/\/sexshopzagues.com.mx\/tienda\/?post_type=product&#038;p=9302"},"modified":"2023-02-25T06:39:03","modified_gmt":"2023-02-25T06:39:03","slug":"xtreme-vibes-forked-tongue-magenta","status":"publish","type":"product","link":"https:\/\/sexshopzagues.com.mx\/tienda\/?product=xtreme-vibes-forked-tongue-magenta","title":{"rendered":"Xtreme Vibes &#8211; Forked Tongue &#8211; Magenta"},"content":{"rendered":"<p>Anillo vibrador que mejora erecci\u00f3n, en su parte superior cuenta con un estimulador de cl\u00edtoris en forma de lengua b\u00edfida.<\/p>\n<p>Sopr\u00e9ndela con esta poderosa herramienta!<\/p>\n","protected":false},"excerpt":{"rendered":"Anillo vibrador con forma de lengua en parte superior.","protected":false},"featured_media":9303,"comment_status":"open","ping_status":"closed","template":"","meta":[],"product_cat":[159,62],"product_tag":[79],"_links":{"self":[{"href":"https:\/\/sexshopzagues.com.mx\/tienda\/index.php?rest_route=\/wp\/v2\/product\/9302"}],"collection":[{"href":"https:\/\/sexshopzagues.com.mx\/tienda\/index.php?rest_route=\/wp\/v2\/product"}],"about":[{"href":"https:\/\/sexshopzagues.com.mx\/tienda\/index.php?rest_route=\/wp\/v2\/types\/product"}],"replies":[{"embeddable":true,"href":"https:\/\/sexshopzagues.com.mx\/tienda\/index.php?rest_route=%2Fwp%2Fv2%2Fcomments&post=9302"}],"wp:featuredmedia":[{"embeddable":true,"href":"https:\/\/sexshopzagues.com.mx\/tienda\/index.php?rest_route=\/wp\/v2\/media\/9303"}],"wp:attachment":[{"href":"https:\/\/sexshopzagues.com.mx\/tienda\/index.php?rest_route=%2Fwp%2Fv2%2Fmedia&parent=9302"}],"wp:term":[{"taxonomy":"product_cat","embeddable":true,"href":"https:\/\/sexshopzagues.com.mx\/tienda\/index.php?rest_route=%2Fwp%2Fv2%2Fproduct_cat&post=9302"},{"taxonomy":"product_tag","embeddable":true,"href":"https:\/\/sexshopzagues.com.mx\/tienda\/index.php?rest_route=%2Fwp%2Fv2%2Fproduct_tag&post=9302"}],"curies":[{"name":"wp","href":"https:\/\/api.w.org\/{rel}","templated":true}]}}