{"id":8548,"date":"2017-11-07T01:41:35","date_gmt":"2017-11-07T01:41:35","guid":{"rendered":"http:\/\/sexshopzagues.com.mx\/tienda\/?post_type=product&#038;p=8548"},"modified":"2023-02-25T07:25:00","modified_gmt":"2023-02-25T07:25:00","slug":"wet-original-gel-lubricant-1-oz","status":"publish","type":"product","link":"https:\/\/sexshopzagues.com.mx\/tienda\/?product=wet-original-gel-lubricant-1-oz","title":{"rendered":"Wet? Original? Gel Lubricant &#8211; 1 oz"},"content":{"rendered":"<p>Gel corporal a base de agua WET. La f\u00f3rmula m\u00e1s vendida de Wet, es un cl\u00e1sico. Este gel est\u00e1 formulado y probado de acuerdo a las normas de calidad m\u00e1s exigentes de la industria. WET Original contiene vitamina E y aloe vera. Es suave, hecho a base de agua y no tiene ni olor, ni color, ni grasas. Tampoco mancha y es compatible con condones y juguetes. WET Original humecta por m\u00e1s tiempo para dar una lubricaci\u00f3n sedosa y prolongada. Wet Original es el favorito de aquellos que prefieren un lubricante m\u00e1s viscoso tipo gel.<\/p>\n<p>Contenido: 1 oz\/30ml<\/p>\n","protected":false},"excerpt":{"rendered":"Lubricante base agua.","protected":false},"featured_media":4257,"comment_status":"open","ping_status":"closed","template":"","meta":[],"product_cat":[59],"product_tag":[100,111],"_links":{"self":[{"href":"https:\/\/sexshopzagues.com.mx\/tienda\/index.php?rest_route=\/wp\/v2\/product\/8548"}],"collection":[{"href":"https:\/\/sexshopzagues.com.mx\/tienda\/index.php?rest_route=\/wp\/v2\/product"}],"about":[{"href":"https:\/\/sexshopzagues.com.mx\/tienda\/index.php?rest_route=\/wp\/v2\/types\/product"}],"replies":[{"embeddable":true,"href":"https:\/\/sexshopzagues.com.mx\/tienda\/index.php?rest_route=%2Fwp%2Fv2%2Fcomments&post=8548"}],"wp:featuredmedia":[{"embeddable":true,"href":"https:\/\/sexshopzagues.com.mx\/tienda\/index.php?rest_route=\/wp\/v2\/media\/4257"}],"wp:attachment":[{"href":"https:\/\/sexshopzagues.com.mx\/tienda\/index.php?rest_route=%2Fwp%2Fv2%2Fmedia&parent=8548"}],"wp:term":[{"taxonomy":"product_cat","embeddable":true,"href":"https:\/\/sexshopzagues.com.mx\/tienda\/index.php?rest_route=%2Fwp%2Fv2%2Fproduct_cat&post=8548"},{"taxonomy":"product_tag","embeddable":true,"href":"https:\/\/sexshopzagues.com.mx\/tienda\/index.php?rest_route=%2Fwp%2Fv2%2Fproduct_tag&post=8548"}],"curies":[{"name":"wp","href":"https:\/\/api.w.org\/{rel}","templated":true}]}}