{"id":8308,"date":"2017-10-12T22:49:56","date_gmt":"2017-10-12T22:49:56","guid":{"rendered":"http:\/\/sexshopzagues.com.mx\/tienda\/?post_type=product&#038;p=8308"},"modified":"2023-02-25T07:30:35","modified_gmt":"2023-02-25T07:30:35","slug":"double-tap-speeder","status":"publish","type":"product","link":"https:\/\/sexshopzagues.com.mx\/tienda\/?product=double-tap-speeder","title":{"rendered":"Double Tap Speeder&#x2122;"},"content":{"rendered":"<p>Vibrador de m\u00faltiples velocidades. Su anillo permite una f\u00e1cil manipulaci\u00f3n. Dos velocidades controladas desde un bot\u00f3n de f\u00e1cil manejo. Resistente al agua.<\/p>\n<p>Comienza a disfrutar de su inolvidable sensaci\u00f3n.<\/p>\n<p>Medidas: 17cm x 3cm.<\/p>\n","protected":false},"excerpt":{"rendered":"<div style=\"width: 400px;\" class=\"wp-video\"><!--[if lt IE 9]><script>document.createElement('video');<\/script><![endif]-->\n<video class=\"wp-video-shortcode\" id=\"video-8308-1\" width=\"400\" height=\"224\" preload=\"metadata\" controls=\"controls\"><source type=\"video\/mp4\" src=\"http:\/\/sexshopzagues.com.mx\/tienda\/wp-content\/uploads\/2017\/10\/SE-0553-04-2.mp4?_=1\" \/><a href=\"http:\/\/sexshopzagues.com.mx\/tienda\/wp-content\/uploads\/2017\/10\/SE-0553-04-2.mp4\">http:\/\/sexshopzagues.com.mx\/tienda\/wp-content\/uploads\/2017\/10\/SE-0553-04-2.mp4<\/a><\/video><\/div>\r\n\r\nVibrador b\u00e1sico.","protected":false},"featured_media":8309,"comment_status":"closed","ping_status":"closed","template":"","meta":[],"product_cat":[57],"product_tag":[96,75],"_links":{"self":[{"href":"https:\/\/sexshopzagues.com.mx\/tienda\/index.php?rest_route=\/wp\/v2\/product\/8308"}],"collection":[{"href":"https:\/\/sexshopzagues.com.mx\/tienda\/index.php?rest_route=\/wp\/v2\/product"}],"about":[{"href":"https:\/\/sexshopzagues.com.mx\/tienda\/index.php?rest_route=\/wp\/v2\/types\/product"}],"replies":[{"embeddable":true,"href":"https:\/\/sexshopzagues.com.mx\/tienda\/index.php?rest_route=%2Fwp%2Fv2%2Fcomments&post=8308"}],"wp:featuredmedia":[{"embeddable":true,"href":"https:\/\/sexshopzagues.com.mx\/tienda\/index.php?rest_route=\/wp\/v2\/media\/8309"}],"wp:attachment":[{"href":"https:\/\/sexshopzagues.com.mx\/tienda\/index.php?rest_route=%2Fwp%2Fv2%2Fmedia&parent=8308"}],"wp:term":[{"taxonomy":"product_cat","embeddable":true,"href":"https:\/\/sexshopzagues.com.mx\/tienda\/index.php?rest_route=%2Fwp%2Fv2%2Fproduct_cat&post=8308"},{"taxonomy":"product_tag","embeddable":true,"href":"https:\/\/sexshopzagues.com.mx\/tienda\/index.php?rest_route=%2Fwp%2Fv2%2Fproduct_tag&post=8308"}],"curies":[{"name":"wp","href":"https:\/\/api.w.org\/{rel}","templated":true}]}}