{"id":8255,"date":"2017-10-06T18:26:02","date_gmt":"2017-10-06T18:26:02","guid":{"rendered":"http:\/\/sexshopzagues.com.mx\/tienda\/?post_type=product&#038;p=8255"},"modified":"2023-02-25T07:31:49","modified_gmt":"2023-02-25T07:31:49","slug":"fetish-fantasy-series-shock-therapy-kit","status":"publish","type":"product","link":"https:\/\/sexshopzagues.com.mx\/tienda\/?product=fetish-fantasy-series-shock-therapy-kit","title":{"rendered":"Fetish Fantasy Series Shock Therapy Kit"},"content":{"rendered":"<p>Dale a tu vida sexual una \u201ccarga\u201d con el kit electro-sexual. Esta terapia de choque el\u00e9ctrico es perfecto para los principiantes y los nuevos en un e-estimulaci\u00f3n. La pantalla LCD de f\u00e1cil lectura, en la unidad de control de potencia digital, muestra claramente el nivel de funci\u00f3n e intensidad, y con 3 patrones de pulsaci\u00f3n pre-programados para elegir, esta unidad de control atractiva env\u00eda impulsos el\u00e9ctricos a cualquier parte del cuerpo donde coloques las almohadillas. Elija entre un cosquilleo sensual a un grito palpitante, todo ello con s\u00f3lo pulsar un bot\u00f3n, y recoger una de las 5 zonas del cuerpo para estimular. Con m\u00e1s de 100 combinaciones de estimulaci\u00f3n para elegir, las posibilidades son infinitas.<\/p>\n<p>Con la funci\u00f3n incorporada de temporizador, la unidad de bater\u00edas se apagar\u00e1 autom\u00e1ticamente despu\u00e9s de que el intervalo de 15 minutos.<\/p>\n<p>Las almohadillas son autoadhesivas, conecte al cable mediante broches de presi\u00f3n, y limpiar f\u00e1cilmente despu\u00e9s de la diversi\u00f3n. Increible para la estimulaci\u00f3n muscular, estimulaci\u00f3n neural, y un relajante masaje electro.<\/p>\n","protected":false},"excerpt":{"rendered":"<div style=\"width: 640px;\" class=\"wp-video\"><!--[if lt IE 9]><script>document.createElement('video');<\/script><![endif]-->\n<video class=\"wp-video-shortcode\" id=\"video-8255-1\" width=\"640\" height=\"360\" preload=\"metadata\" controls=\"controls\"><source type=\"video\/mp4\" src=\"http:\/\/sexshopzagues.com.mx\/tienda\/wp-content\/uploads\/2017\/10\/PD3723-00-Fetish-Fantasy-Series-Shock-Therapy-Kit.mp4?_=1\" \/><a href=\"http:\/\/sexshopzagues.com.mx\/tienda\/wp-content\/uploads\/2017\/10\/PD3723-00-Fetish-Fantasy-Series-Shock-Therapy-Kit.mp4\">http:\/\/sexshopzagues.com.mx\/tienda\/wp-content\/uploads\/2017\/10\/PD3723-00-Fetish-Fantasy-Series-Shock-Therapy-Kit.mp4<\/a><\/video><\/div>\r\n\r\nVentosas con impulsos el\u00e9ctricos.","protected":false},"featured_media":8256,"comment_status":"open","ping_status":"closed","template":"","meta":[],"product_cat":[53],"product_tag":[145,76],"_links":{"self":[{"href":"https:\/\/sexshopzagues.com.mx\/tienda\/index.php?rest_route=\/wp\/v2\/product\/8255"}],"collection":[{"href":"https:\/\/sexshopzagues.com.mx\/tienda\/index.php?rest_route=\/wp\/v2\/product"}],"about":[{"href":"https:\/\/sexshopzagues.com.mx\/tienda\/index.php?rest_route=\/wp\/v2\/types\/product"}],"replies":[{"embeddable":true,"href":"https:\/\/sexshopzagues.com.mx\/tienda\/index.php?rest_route=%2Fwp%2Fv2%2Fcomments&post=8255"}],"wp:featuredmedia":[{"embeddable":true,"href":"https:\/\/sexshopzagues.com.mx\/tienda\/index.php?rest_route=\/wp\/v2\/media\/8256"}],"wp:attachment":[{"href":"https:\/\/sexshopzagues.com.mx\/tienda\/index.php?rest_route=%2Fwp%2Fv2%2Fmedia&parent=8255"}],"wp:term":[{"taxonomy":"product_cat","embeddable":true,"href":"https:\/\/sexshopzagues.com.mx\/tienda\/index.php?rest_route=%2Fwp%2Fv2%2Fproduct_cat&post=8255"},{"taxonomy":"product_tag","embeddable":true,"href":"https:\/\/sexshopzagues.com.mx\/tienda\/index.php?rest_route=%2Fwp%2Fv2%2Fproduct_tag&post=8255"}],"curies":[{"name":"wp","href":"https:\/\/api.w.org\/{rel}","templated":true}]}}