{"id":8135,"date":"2017-09-30T17:45:15","date_gmt":"2017-09-30T17:45:15","guid":{"rendered":"http:\/\/sexshopzagues.com.mx\/tienda\/?post_type=product&#038;p=8135"},"modified":"2023-02-25T07:38:14","modified_gmt":"2023-02-25T07:38:14","slug":"purrfect-pets-tickle-me-dolphin-purple","status":"publish","type":"product","link":"https:\/\/sexshopzagues.com.mx\/tienda\/?product=purrfect-pets-tickle-me-dolphin-purple","title":{"rendered":"Purrfect Pets Tickle Me Dolphin &#8211; Purple"},"content":{"rendered":"<p>Anillo vibrador con estimulador de cl\u00edtoris.<br \/>\nEl anillo mejorar\u00e1 la erecci\u00f3n, en su parte superior cuenta con un delf\u00edn que estimular\u00e1 a tu pareja con un intenso cosquilleo en cl\u00edtoris. Material el\u00e1stico, se ajusta a todos los tama\u00f1os.<\/p>\n<ul>\n<li>Suave al tacto.<\/li>\n<li>Motor poderoso<\/li>\n<li>A prueba de agua<\/li>\n<li>Libre de ftalatos<\/li>\n<li>Utiliza baterias 2 LR44 (inclu\u00eddas)<\/li>\n<\/ul>\n","protected":false},"excerpt":{"rendered":"Anillo vibrador con estimulador de cl\u00edtoris.","protected":false},"featured_media":8136,"comment_status":"open","ping_status":"closed","template":"","meta":[],"product_cat":[62],"product_tag":[96,79],"_links":{"self":[{"href":"https:\/\/sexshopzagues.com.mx\/tienda\/index.php?rest_route=\/wp\/v2\/product\/8135"}],"collection":[{"href":"https:\/\/sexshopzagues.com.mx\/tienda\/index.php?rest_route=\/wp\/v2\/product"}],"about":[{"href":"https:\/\/sexshopzagues.com.mx\/tienda\/index.php?rest_route=\/wp\/v2\/types\/product"}],"replies":[{"embeddable":true,"href":"https:\/\/sexshopzagues.com.mx\/tienda\/index.php?rest_route=%2Fwp%2Fv2%2Fcomments&post=8135"}],"wp:featuredmedia":[{"embeddable":true,"href":"https:\/\/sexshopzagues.com.mx\/tienda\/index.php?rest_route=\/wp\/v2\/media\/8136"}],"wp:attachment":[{"href":"https:\/\/sexshopzagues.com.mx\/tienda\/index.php?rest_route=%2Fwp%2Fv2%2Fmedia&parent=8135"}],"wp:term":[{"taxonomy":"product_cat","embeddable":true,"href":"https:\/\/sexshopzagues.com.mx\/tienda\/index.php?rest_route=%2Fwp%2Fv2%2Fproduct_cat&post=8135"},{"taxonomy":"product_tag","embeddable":true,"href":"https:\/\/sexshopzagues.com.mx\/tienda\/index.php?rest_route=%2Fwp%2Fv2%2Fproduct_tag&post=8135"}],"curies":[{"name":"wp","href":"https:\/\/api.w.org\/{rel}","templated":true}]}}