{"id":8088,"date":"2017-09-28T18:21:56","date_gmt":"2017-09-28T18:21:56","guid":{"rendered":"http:\/\/sexshopzagues.com.mx\/tienda\/?post_type=product&#038;p=8088"},"modified":"2023-02-25T07:39:06","modified_gmt":"2023-02-25T07:39:06","slug":"king-cock-9-vibrating-stiffy-flesh","status":"publish","type":"product","link":"https:\/\/sexshopzagues.com.mx\/tienda\/?product=king-cock-9-vibrating-stiffy-flesh","title":{"rendered":"King Cock 9&#8243; Vibrating Stiffy &#8211; Flesh"},"content":{"rendered":"<p>Si buscas un dildo totalmente realista y que siempre est\u00e9 listo para la acci\u00f3n, el King Cock Vibrating Stiffy es la elecci\u00f3n perfecta para la m\u00e1xima satisfacci\u00f3n! Este consolador realista hecho en EUA, cuenta con un potente vibrador multispeed que ofrece alucinantes emociones con sus vibraciones.<\/p>\n<p>\u00a1Es libre de ftalato, seguro para el cuerpo, se ve y se siente incluso mejor que un pene verdadero!<\/p>\n<p>Pru\u00e9balo en la ducha o en el spa y dale vuelta al tiempo del ba\u00f1o en tiempo de placer.<\/p>\n<p>Medidas: 23.5 (insertables) x 6cm<\/p>\n<p>&nbsp;<\/p>\n","protected":false},"excerpt":{"rendered":"Vibrador regulable real\u00edstico.","protected":false},"featured_media":8089,"comment_status":"open","ping_status":"closed","template":"","meta":[],"product_cat":[73,176,57],"product_tag":[96,82,76],"_links":{"self":[{"href":"https:\/\/sexshopzagues.com.mx\/tienda\/index.php?rest_route=\/wp\/v2\/product\/8088"}],"collection":[{"href":"https:\/\/sexshopzagues.com.mx\/tienda\/index.php?rest_route=\/wp\/v2\/product"}],"about":[{"href":"https:\/\/sexshopzagues.com.mx\/tienda\/index.php?rest_route=\/wp\/v2\/types\/product"}],"replies":[{"embeddable":true,"href":"https:\/\/sexshopzagues.com.mx\/tienda\/index.php?rest_route=%2Fwp%2Fv2%2Fcomments&post=8088"}],"wp:featuredmedia":[{"embeddable":true,"href":"https:\/\/sexshopzagues.com.mx\/tienda\/index.php?rest_route=\/wp\/v2\/media\/8089"}],"wp:attachment":[{"href":"https:\/\/sexshopzagues.com.mx\/tienda\/index.php?rest_route=%2Fwp%2Fv2%2Fmedia&parent=8088"}],"wp:term":[{"taxonomy":"product_cat","embeddable":true,"href":"https:\/\/sexshopzagues.com.mx\/tienda\/index.php?rest_route=%2Fwp%2Fv2%2Fproduct_cat&post=8088"},{"taxonomy":"product_tag","embeddable":true,"href":"https:\/\/sexshopzagues.com.mx\/tienda\/index.php?rest_route=%2Fwp%2Fv2%2Fproduct_tag&post=8088"}],"curies":[{"name":"wp","href":"https:\/\/api.w.org\/{rel}","templated":true}]}}