{"id":7526,"date":"2017-08-22T01:01:19","date_gmt":"2017-08-22T01:01:19","guid":{"rendered":"http:\/\/sexshopzagues.com.mx\/tienda\/?post_type=product&#038;p=7526"},"modified":"2023-02-25T08:12:18","modified_gmt":"2023-02-25T08:12:18","slug":"prudence-caribbean-mix","status":"publish","type":"product","link":"https:\/\/sexshopzagues.com.mx\/tienda\/?product=prudence-caribbean-mix","title":{"rendered":"Prudence Caribbean Mix"},"content":{"rendered":"<p>Cond\u00f3n masculino de hule l\u00e1tex, lubricado con silic\u00f3n; con sabor y color.<\/p>\n<p><strong>Sabores:<\/strong>\u00a0tutti frutti, mora, maracuy\u00e1, frambuesa, mango<\/p>\n<p><strong>Colores:<\/strong>\u00a0rosa, azul, amarillo, rojo<\/p>\n<p>Caja con 5pzs.<\/p>\n","protected":false},"excerpt":{"rendered":"Preservativo con sabor y color 5 pzs.","protected":false},"featured_media":7527,"comment_status":"open","ping_status":"closed","template":"","meta":[],"product_cat":[61],"product_tag":[142],"_links":{"self":[{"href":"https:\/\/sexshopzagues.com.mx\/tienda\/index.php?rest_route=\/wp\/v2\/product\/7526"}],"collection":[{"href":"https:\/\/sexshopzagues.com.mx\/tienda\/index.php?rest_route=\/wp\/v2\/product"}],"about":[{"href":"https:\/\/sexshopzagues.com.mx\/tienda\/index.php?rest_route=\/wp\/v2\/types\/product"}],"replies":[{"embeddable":true,"href":"https:\/\/sexshopzagues.com.mx\/tienda\/index.php?rest_route=%2Fwp%2Fv2%2Fcomments&post=7526"}],"wp:featuredmedia":[{"embeddable":true,"href":"https:\/\/sexshopzagues.com.mx\/tienda\/index.php?rest_route=\/wp\/v2\/media\/7527"}],"wp:attachment":[{"href":"https:\/\/sexshopzagues.com.mx\/tienda\/index.php?rest_route=%2Fwp%2Fv2%2Fmedia&parent=7526"}],"wp:term":[{"taxonomy":"product_cat","embeddable":true,"href":"https:\/\/sexshopzagues.com.mx\/tienda\/index.php?rest_route=%2Fwp%2Fv2%2Fproduct_cat&post=7526"},{"taxonomy":"product_tag","embeddable":true,"href":"https:\/\/sexshopzagues.com.mx\/tienda\/index.php?rest_route=%2Fwp%2Fv2%2Fproduct_tag&post=7526"}],"curies":[{"name":"wp","href":"https:\/\/api.w.org\/{rel}","templated":true}]}}