{"id":7310,"date":"2017-07-20T22:46:51","date_gmt":"2017-07-20T22:46:51","guid":{"rendered":"http:\/\/sexshopzagues.com.mx\/tienda\/?post_type=product&#038;p=7310"},"modified":"2023-03-03T01:02:42","modified_gmt":"2023-03-03T01:02:42","slug":"delicious-encounter-cherry-sachet-7-5gr","status":"publish","type":"product","link":"https:\/\/sexshopzagues.com.mx\/tienda\/?product=delicious-encounter-cherry-sachet-7-5gr","title":{"rendered":"Delicious Encounter Cherry Sachet 7.5gr"},"content":{"rendered":"<p>Linea de lubricantes veganos de Encounter, libres de glicerina y parabenos, hipoalerg\u00e9nicos. Lubricantes comestibles en 5 diferentes sabores fresa, cereza, vanilla, sand\u00eda y durazno para el sexo oral o simplemente la penetraci\u00f3n.<\/p>\n<p>Hecho a base de agua, compatible con el l\u00e1tex, no t\u00f3xico. Ideal para darle sabor a la relaci\u00f3n.<\/p>\n<p>Contenido: 7.5gr<\/p>\n","protected":false},"excerpt":{"rendered":"Lubricante con sabor.","protected":false},"featured_media":7311,"comment_status":"open","ping_status":"closed","template":"","meta":[],"product_cat":[59],"product_tag":[100,119],"_links":{"self":[{"href":"https:\/\/sexshopzagues.com.mx\/tienda\/index.php?rest_route=\/wp\/v2\/product\/7310"}],"collection":[{"href":"https:\/\/sexshopzagues.com.mx\/tienda\/index.php?rest_route=\/wp\/v2\/product"}],"about":[{"href":"https:\/\/sexshopzagues.com.mx\/tienda\/index.php?rest_route=\/wp\/v2\/types\/product"}],"replies":[{"embeddable":true,"href":"https:\/\/sexshopzagues.com.mx\/tienda\/index.php?rest_route=%2Fwp%2Fv2%2Fcomments&post=7310"}],"wp:featuredmedia":[{"embeddable":true,"href":"https:\/\/sexshopzagues.com.mx\/tienda\/index.php?rest_route=\/wp\/v2\/media\/7311"}],"wp:attachment":[{"href":"https:\/\/sexshopzagues.com.mx\/tienda\/index.php?rest_route=%2Fwp%2Fv2%2Fmedia&parent=7310"}],"wp:term":[{"taxonomy":"product_cat","embeddable":true,"href":"https:\/\/sexshopzagues.com.mx\/tienda\/index.php?rest_route=%2Fwp%2Fv2%2Fproduct_cat&post=7310"},{"taxonomy":"product_tag","embeddable":true,"href":"https:\/\/sexshopzagues.com.mx\/tienda\/index.php?rest_route=%2Fwp%2Fv2%2Fproduct_tag&post=7310"}],"curies":[{"name":"wp","href":"https:\/\/api.w.org\/{rel}","templated":true}]}}