{"id":6969,"date":"2017-05-20T02:12:14","date_gmt":"2017-05-20T02:12:14","guid":{"rendered":"http:\/\/sexshopzagues.com.mx\/tienda\/?product=excite-her-bullet-luster-pink"},"modified":"2023-03-03T01:22:31","modified_gmt":"2023-03-03T01:22:31","slug":"excite-her-bullet-luster-pink","status":"publish","type":"product","link":"https:\/\/sexshopzagues.com.mx\/tienda\/?product=excite-her-bullet-luster-pink","title":{"rendered":"Excite-Her Bullet Luster Pink"},"content":{"rendered":"<p>La bala Excite-Her es la \u00fanica bala sumergible al 100% en el mercado, y cuando decimos sumergible nos referimos a la bala y control regulador que contiene las bater\u00edas! As\u00ed es, este ultra potente juguete de 2 velocidades permite al usuario tomar la diversi\u00f3n en la ba\u00f1era, ducha, hidromasaje, donde quiera, y continuar\u00e1 funcionando todo el d\u00eda (o noche) de largo!<br \/>\nCon una vibraci\u00f3n Hi \/ Low, un acabado sensual en tonos pastel o lustre, y un cord\u00f3n reforzado, las balas Excite-Her son simplemente incre\u00edbles.<\/p>\n","protected":false},"excerpt":{"rendered":"Bala vibradora sumergible.","protected":false},"featured_media":6959,"comment_status":"open","ping_status":"closed","template":"","meta":[],"product_cat":[158,73,57],"product_tag":[96,126],"_links":{"self":[{"href":"https:\/\/sexshopzagues.com.mx\/tienda\/index.php?rest_route=\/wp\/v2\/product\/6969"}],"collection":[{"href":"https:\/\/sexshopzagues.com.mx\/tienda\/index.php?rest_route=\/wp\/v2\/product"}],"about":[{"href":"https:\/\/sexshopzagues.com.mx\/tienda\/index.php?rest_route=\/wp\/v2\/types\/product"}],"replies":[{"embeddable":true,"href":"https:\/\/sexshopzagues.com.mx\/tienda\/index.php?rest_route=%2Fwp%2Fv2%2Fcomments&post=6969"}],"wp:featuredmedia":[{"embeddable":true,"href":"https:\/\/sexshopzagues.com.mx\/tienda\/index.php?rest_route=\/wp\/v2\/media\/6959"}],"wp:attachment":[{"href":"https:\/\/sexshopzagues.com.mx\/tienda\/index.php?rest_route=%2Fwp%2Fv2%2Fmedia&parent=6969"}],"wp:term":[{"taxonomy":"product_cat","embeddable":true,"href":"https:\/\/sexshopzagues.com.mx\/tienda\/index.php?rest_route=%2Fwp%2Fv2%2Fproduct_cat&post=6969"},{"taxonomy":"product_tag","embeddable":true,"href":"https:\/\/sexshopzagues.com.mx\/tienda\/index.php?rest_route=%2Fwp%2Fv2%2Fproduct_tag&post=6969"}],"curies":[{"name":"wp","href":"https:\/\/api.w.org\/{rel}","templated":true}]}}