{"id":6643,"date":"2017-05-02T21:42:40","date_gmt":"2017-05-02T21:42:40","guid":{"rendered":"http:\/\/sexshopzagues.com.mx\/tienda\/?product=first-time-softee-teasers-purple"},"modified":"2023-03-03T01:42:22","modified_gmt":"2023-03-03T01:42:22","slug":"first-time-softee-teasers-purple","status":"publish","type":"product","link":"https:\/\/sexshopzagues.com.mx\/tienda\/?product=first-time-softee-teasers-purple","title":{"rendered":"First Time? Softee ? Teasers Purple"},"content":{"rendered":"<p>Softee Teasers est\u00e1 dise\u00f1ado para estimular punto g, brind\u00e1ndote placer intenso.<\/p>\n<p>Fabricado en material tipo gel, compacto y discreto. Cuenta con vibraci\u00f3n regulable.<\/p>\n<ul>\n<li>Funda desmontable de material tipo gel<\/li>\n<li>Texturizado en parte superior.<\/li>\n<li>Para punto G<\/li>\n<li>Vibraci\u00f3n regulable<\/li>\n<li>A prueba de agua<\/li>\n<li>Medidas:\u00a013.25 cm x 3.75 cm<\/li>\n<\/ul>\n","protected":false},"excerpt":{"rendered":"Vibrador para punto g.","protected":false},"featured_media":6646,"comment_status":"open","ping_status":"closed","template":"","meta":[],"product_cat":[180,57],"product_tag":[96,75,86,106],"_links":{"self":[{"href":"https:\/\/sexshopzagues.com.mx\/tienda\/index.php?rest_route=\/wp\/v2\/product\/6643"}],"collection":[{"href":"https:\/\/sexshopzagues.com.mx\/tienda\/index.php?rest_route=\/wp\/v2\/product"}],"about":[{"href":"https:\/\/sexshopzagues.com.mx\/tienda\/index.php?rest_route=\/wp\/v2\/types\/product"}],"replies":[{"embeddable":true,"href":"https:\/\/sexshopzagues.com.mx\/tienda\/index.php?rest_route=%2Fwp%2Fv2%2Fcomments&post=6643"}],"wp:featuredmedia":[{"embeddable":true,"href":"https:\/\/sexshopzagues.com.mx\/tienda\/index.php?rest_route=\/wp\/v2\/media\/6646"}],"wp:attachment":[{"href":"https:\/\/sexshopzagues.com.mx\/tienda\/index.php?rest_route=%2Fwp%2Fv2%2Fmedia&parent=6643"}],"wp:term":[{"taxonomy":"product_cat","embeddable":true,"href":"https:\/\/sexshopzagues.com.mx\/tienda\/index.php?rest_route=%2Fwp%2Fv2%2Fproduct_cat&post=6643"},{"taxonomy":"product_tag","embeddable":true,"href":"https:\/\/sexshopzagues.com.mx\/tienda\/index.php?rest_route=%2Fwp%2Fv2%2Fproduct_tag&post=6643"}],"curies":[{"name":"wp","href":"https:\/\/api.w.org\/{rel}","templated":true}]}}