{"id":6427,"date":"2017-04-07T17:47:24","date_gmt":"2017-04-07T17:47:24","guid":{"rendered":"http:\/\/sexshopzagues.com.mx\/tienda\/?product=pump-worx-silicone-power-pump-clear"},"modified":"2023-03-03T01:58:18","modified_gmt":"2023-03-03T01:58:18","slug":"pump-worx-silicone-power-pump-clear","status":"publish","type":"product","link":"https:\/\/sexshopzagues.com.mx\/tienda\/?product=pump-worx-silicone-power-pump-clear","title":{"rendered":"Pump Worx Silicone Power Pump Clear"},"content":{"rendered":"<p>Pump Worx Silicone Power Pump le dar\u00e1 el tama\u00f1o y la confianza que siempre ha so\u00f1ado. Su pene\u00a0crecer\u00e1 m\u00e1s grande, m\u00e1s grueso y se hinchar\u00e1 con poder.<\/p>\n<p>Una vez que penetre en la abertura de silicona suave tambien segura para el cuerpo y empiece con la succi\u00f3n, descubrir\u00e1 r\u00e1pidamente erecciones palpitantes y firmes que se sienten potentes y ser\u00e1n duraderas.\u00a0\u00a0\u00a1Sin p\u00e9rdidas de rendimiento a mitad de camino!<\/p>\n<ul>\n<li>Con funda interna texturizada a todo lo largo del tubo.<\/li>\n<li>Funda de material suave de silic\u00f3n.<\/li>\n<li>Incluye anillo, crema desarrolladora, lubricante y limpiador.<\/li>\n<\/ul>\n","protected":false},"excerpt":{"rendered":"Bomba de vac\u00edo con Forro texturizado de silic\u00f3n.","protected":false},"featured_media":6424,"comment_status":"open","ping_status":"closed","template":"","meta":[],"product_cat":[159,60],"product_tag":[193,76],"_links":{"self":[{"href":"https:\/\/sexshopzagues.com.mx\/tienda\/index.php?rest_route=\/wp\/v2\/product\/6427"}],"collection":[{"href":"https:\/\/sexshopzagues.com.mx\/tienda\/index.php?rest_route=\/wp\/v2\/product"}],"about":[{"href":"https:\/\/sexshopzagues.com.mx\/tienda\/index.php?rest_route=\/wp\/v2\/types\/product"}],"replies":[{"embeddable":true,"href":"https:\/\/sexshopzagues.com.mx\/tienda\/index.php?rest_route=%2Fwp%2Fv2%2Fcomments&post=6427"}],"wp:featuredmedia":[{"embeddable":true,"href":"https:\/\/sexshopzagues.com.mx\/tienda\/index.php?rest_route=\/wp\/v2\/media\/6424"}],"wp:attachment":[{"href":"https:\/\/sexshopzagues.com.mx\/tienda\/index.php?rest_route=%2Fwp%2Fv2%2Fmedia&parent=6427"}],"wp:term":[{"taxonomy":"product_cat","embeddable":true,"href":"https:\/\/sexshopzagues.com.mx\/tienda\/index.php?rest_route=%2Fwp%2Fv2%2Fproduct_cat&post=6427"},{"taxonomy":"product_tag","embeddable":true,"href":"https:\/\/sexshopzagues.com.mx\/tienda\/index.php?rest_route=%2Fwp%2Fv2%2Fproduct_tag&post=6427"}],"curies":[{"name":"wp","href":"https:\/\/api.w.org\/{rel}","templated":true}]}}