{"id":5293,"date":"2016-12-07T19:39:13","date_gmt":"2016-12-07T19:39:13","guid":{"rendered":"http:\/\/sexshopzagues.com.mx\/tienda\/?post_type=product&#038;p=5293"},"modified":"2023-03-03T21:46:58","modified_gmt":"2023-03-03T21:46:58","slug":"fusion-original-bodyglide-2-oz","status":"publish","type":"product","link":"https:\/\/sexshopzagues.com.mx\/tienda\/?product=fusion-original-bodyglide-2-oz","title":{"rendered":"Fusion Original Bodyglide 2 oz"},"content":{"rendered":"<p>Lubricante formulado a base de silic\u00f3n. Puede ser utilizado bajo el agua, es de larga duraci\u00f3n para mayor placer. Favorece penetraci\u00f3n anal y vaginal. Compatible con el l\u00e1tex.<\/p>\n<p>Contenido: 2 oz.<\/p>\n","protected":false},"excerpt":{"rendered":"Lubricante base silic\u00f3n.","protected":false},"featured_media":12394,"comment_status":"open","ping_status":"closed","template":"","meta":[],"product_cat":[59],"product_tag":[115,112,198],"_links":{"self":[{"href":"https:\/\/sexshopzagues.com.mx\/tienda\/index.php?rest_route=\/wp\/v2\/product\/5293"}],"collection":[{"href":"https:\/\/sexshopzagues.com.mx\/tienda\/index.php?rest_route=\/wp\/v2\/product"}],"about":[{"href":"https:\/\/sexshopzagues.com.mx\/tienda\/index.php?rest_route=\/wp\/v2\/types\/product"}],"replies":[{"embeddable":true,"href":"https:\/\/sexshopzagues.com.mx\/tienda\/index.php?rest_route=%2Fwp%2Fv2%2Fcomments&post=5293"}],"wp:featuredmedia":[{"embeddable":true,"href":"https:\/\/sexshopzagues.com.mx\/tienda\/index.php?rest_route=\/wp\/v2\/media\/12394"}],"wp:attachment":[{"href":"https:\/\/sexshopzagues.com.mx\/tienda\/index.php?rest_route=%2Fwp%2Fv2%2Fmedia&parent=5293"}],"wp:term":[{"taxonomy":"product_cat","embeddable":true,"href":"https:\/\/sexshopzagues.com.mx\/tienda\/index.php?rest_route=%2Fwp%2Fv2%2Fproduct_cat&post=5293"},{"taxonomy":"product_tag","embeddable":true,"href":"https:\/\/sexshopzagues.com.mx\/tienda\/index.php?rest_route=%2Fwp%2Fv2%2Fproduct_tag&post=5293"}],"curies":[{"name":"wp","href":"https:\/\/api.w.org\/{rel}","templated":true}]}}