{"id":3966,"date":"2016-10-08T00:03:03","date_gmt":"2016-10-08T00:03:03","guid":{"rendered":"http:\/\/sexshopzagues.com.mx\/tienda\/?post_type=product&#038;p=3966"},"modified":"2023-03-07T22:28:05","modified_gmt":"2023-03-07T22:28:05","slug":"slim-g-dong","status":"publish","type":"product","link":"https:\/\/sexshopzagues.com.mx\/tienda\/?product=slim-g-dong","title":{"rendered":"Slim &#8220;G&#8221; Dong"},"content":{"rendered":"<p>Arn\u00e9s ajustable, con dildo de material suave y flexible, curvo para una experiencia m\u00e1s placentera y poder estimular punto g o pr\u00f3stata, facilita cualquiera de las 2 penetraciones. Material libre de ftalatos. Medidas:\u00a0<em>19cm . \u03a64cm.<\/em><\/p>\n","protected":false},"excerpt":{"rendered":"Arn\u00e9s con dildo curvo, suave y flexible.","protected":false},"featured_media":3967,"comment_status":"open","ping_status":"closed","template":"","meta":[],"product_cat":[73,63,58],"product_tag":[194,77,105,86],"_links":{"self":[{"href":"https:\/\/sexshopzagues.com.mx\/tienda\/index.php?rest_route=\/wp\/v2\/product\/3966"}],"collection":[{"href":"https:\/\/sexshopzagues.com.mx\/tienda\/index.php?rest_route=\/wp\/v2\/product"}],"about":[{"href":"https:\/\/sexshopzagues.com.mx\/tienda\/index.php?rest_route=\/wp\/v2\/types\/product"}],"replies":[{"embeddable":true,"href":"https:\/\/sexshopzagues.com.mx\/tienda\/index.php?rest_route=%2Fwp%2Fv2%2Fcomments&post=3966"}],"wp:featuredmedia":[{"embeddable":true,"href":"https:\/\/sexshopzagues.com.mx\/tienda\/index.php?rest_route=\/wp\/v2\/media\/3967"}],"wp:attachment":[{"href":"https:\/\/sexshopzagues.com.mx\/tienda\/index.php?rest_route=%2Fwp%2Fv2%2Fmedia&parent=3966"}],"wp:term":[{"taxonomy":"product_cat","embeddable":true,"href":"https:\/\/sexshopzagues.com.mx\/tienda\/index.php?rest_route=%2Fwp%2Fv2%2Fproduct_cat&post=3966"},{"taxonomy":"product_tag","embeddable":true,"href":"https:\/\/sexshopzagues.com.mx\/tienda\/index.php?rest_route=%2Fwp%2Fv2%2Fproduct_tag&post=3966"}],"curies":[{"name":"wp","href":"https:\/\/api.w.org\/{rel}","templated":true}]}}