{"id":3436,"date":"2016-09-26T19:05:52","date_gmt":"2016-09-26T19:05:52","guid":{"rendered":"http:\/\/sexshopzagues.com.mx\/tienda\/?post_type=product&#038;p=3436"},"modified":"2021-09-07T04:30:10","modified_gmt":"2021-09-07T04:30:10","slug":"sassy-anal-plug-pink","status":"publish","type":"product","link":"https:\/\/sexshopzagues.com.mx\/tienda\/?product=sassy-anal-plug-pink","title":{"rendered":"SASSY Anal Plug Pink"},"content":{"rendered":"<p>Plug para penetraci\u00f3n anal b\u00e1sico, con base para una f\u00e1cil inserci\u00f3n y extracci\u00f3n; con cavidad para que puedas adaptarle una bala vibradora si lo deseas, su forma c\u00f3nica har\u00e1 f\u00e1cil la penetraci\u00f3n. Material de PVC. Medidas: 10.4cm . \u03a63.2cm.<\/p>\n","protected":false},"excerpt":{"rendered":"Plug con orificio para bala.","protected":false},"featured_media":3437,"comment_status":"open","ping_status":"closed","template":"","meta":[],"product_cat":[73,168,56],"product_tag":[77,169],"_links":{"self":[{"href":"https:\/\/sexshopzagues.com.mx\/tienda\/index.php?rest_route=\/wp\/v2\/product\/3436"}],"collection":[{"href":"https:\/\/sexshopzagues.com.mx\/tienda\/index.php?rest_route=\/wp\/v2\/product"}],"about":[{"href":"https:\/\/sexshopzagues.com.mx\/tienda\/index.php?rest_route=\/wp\/v2\/types\/product"}],"replies":[{"embeddable":true,"href":"https:\/\/sexshopzagues.com.mx\/tienda\/index.php?rest_route=%2Fwp%2Fv2%2Fcomments&post=3436"}],"wp:featuredmedia":[{"embeddable":true,"href":"https:\/\/sexshopzagues.com.mx\/tienda\/index.php?rest_route=\/wp\/v2\/media\/3437"}],"wp:attachment":[{"href":"https:\/\/sexshopzagues.com.mx\/tienda\/index.php?rest_route=%2Fwp%2Fv2%2Fmedia&parent=3436"}],"wp:term":[{"taxonomy":"product_cat","embeddable":true,"href":"https:\/\/sexshopzagues.com.mx\/tienda\/index.php?rest_route=%2Fwp%2Fv2%2Fproduct_cat&post=3436"},{"taxonomy":"product_tag","embeddable":true,"href":"https:\/\/sexshopzagues.com.mx\/tienda\/index.php?rest_route=%2Fwp%2Fv2%2Fproduct_tag&post=3436"}],"curies":[{"name":"wp","href":"https:\/\/api.w.org\/{rel}","templated":true}]}}