{"id":3397,"date":"2016-09-26T18:32:04","date_gmt":"2016-09-26T18:32:04","guid":{"rendered":"http:\/\/sexshopzagues.com.mx\/tienda\/?post_type=product&#038;p=3397"},"modified":"2023-03-08T00:11:40","modified_gmt":"2023-03-08T00:11:40","slug":"invigorate-g-spot-orange","status":"publish","type":"product","link":"https:\/\/sexshopzagues.com.mx\/tienda\/?product=invigorate-g-spot-orange","title":{"rendered":"Invigorate G-Spot &#8211; Orange"},"content":{"rendered":"<p>El b\u00e1sico discreto, con una potente velocidad, dise\u00f1o curvo para punto g. Ll\u00e9valo contigo!. Acabado sedoso, gracias a su capa de silic\u00f3n. A prueba de agua. Medidas: 12cm . \u03a62.5cm.<\/p>\n","protected":false},"excerpt":{"rendered":"Vibrador para punto g.","protected":false},"featured_media":3398,"comment_status":"open","ping_status":"closed","template":"","meta":[],"product_cat":[57],"product_tag":[77,83],"_links":{"self":[{"href":"https:\/\/sexshopzagues.com.mx\/tienda\/index.php?rest_route=\/wp\/v2\/product\/3397"}],"collection":[{"href":"https:\/\/sexshopzagues.com.mx\/tienda\/index.php?rest_route=\/wp\/v2\/product"}],"about":[{"href":"https:\/\/sexshopzagues.com.mx\/tienda\/index.php?rest_route=\/wp\/v2\/types\/product"}],"replies":[{"embeddable":true,"href":"https:\/\/sexshopzagues.com.mx\/tienda\/index.php?rest_route=%2Fwp%2Fv2%2Fcomments&post=3397"}],"wp:featuredmedia":[{"embeddable":true,"href":"https:\/\/sexshopzagues.com.mx\/tienda\/index.php?rest_route=\/wp\/v2\/media\/3398"}],"wp:attachment":[{"href":"https:\/\/sexshopzagues.com.mx\/tienda\/index.php?rest_route=%2Fwp%2Fv2%2Fmedia&parent=3397"}],"wp:term":[{"taxonomy":"product_cat","embeddable":true,"href":"https:\/\/sexshopzagues.com.mx\/tienda\/index.php?rest_route=%2Fwp%2Fv2%2Fproduct_cat&post=3397"},{"taxonomy":"product_tag","embeddable":true,"href":"https:\/\/sexshopzagues.com.mx\/tienda\/index.php?rest_route=%2Fwp%2Fv2%2Fproduct_tag&post=3397"}],"curies":[{"name":"wp","href":"https:\/\/api.w.org\/{rel}","templated":true}]}}