{"id":3330,"date":"2016-09-20T23:15:37","date_gmt":"2016-09-20T23:15:37","guid":{"rendered":"http:\/\/sexshopzagues.com.mx\/tienda\/?post_type=product&#038;p=3330"},"modified":"2021-09-07T04:39:05","modified_gmt":"2021-09-07T04:39:05","slug":"geisha-balls-black","status":"publish","type":"product","link":"https:\/\/sexshopzagues.com.mx\/tienda\/?product=geisha-balls-black","title":{"rendered":"Geisha Balls Black"},"content":{"rendered":"<p>Y tu, \u00bfYa conoces las Bolas vaginales, chinas, geisha o Ben Wa?<\/p>\n<p>fortalecen y ejercitan los m\u00fasculos p\u00e9lvicos (ejercicios Kegel), adem\u00e1s de brindar placer. Puedes utilizarlas a cualquier hora del d\u00eda.<br \/>\nCuentan con un bal\u00edn o bolita de contrapeso por dentro, por lo cual la vibraci\u00f3n se sentir\u00e1 por el movimiento. La vibraci\u00f3n que produce el choque de esta bolita contra las paredes de la vagina provoca una contracci\u00f3n involuntaria y continua de los m\u00fasculos que la rodean, aumentando la circulaci\u00f3n sangu\u00ednea, la lubricaci\u00f3n y el tono muscular.<\/p>\n","protected":false},"excerpt":{"rendered":"Bolas vaginales.","protected":false},"featured_media":3331,"comment_status":"open","ping_status":"closed","template":"","meta":[],"product_cat":[53],"product_tag":[77],"_links":{"self":[{"href":"https:\/\/sexshopzagues.com.mx\/tienda\/index.php?rest_route=\/wp\/v2\/product\/3330"}],"collection":[{"href":"https:\/\/sexshopzagues.com.mx\/tienda\/index.php?rest_route=\/wp\/v2\/product"}],"about":[{"href":"https:\/\/sexshopzagues.com.mx\/tienda\/index.php?rest_route=\/wp\/v2\/types\/product"}],"replies":[{"embeddable":true,"href":"https:\/\/sexshopzagues.com.mx\/tienda\/index.php?rest_route=%2Fwp%2Fv2%2Fcomments&post=3330"}],"wp:featuredmedia":[{"embeddable":true,"href":"https:\/\/sexshopzagues.com.mx\/tienda\/index.php?rest_route=\/wp\/v2\/media\/3331"}],"wp:attachment":[{"href":"https:\/\/sexshopzagues.com.mx\/tienda\/index.php?rest_route=%2Fwp%2Fv2%2Fmedia&parent=3330"}],"wp:term":[{"taxonomy":"product_cat","embeddable":true,"href":"https:\/\/sexshopzagues.com.mx\/tienda\/index.php?rest_route=%2Fwp%2Fv2%2Fproduct_cat&post=3330"},{"taxonomy":"product_tag","embeddable":true,"href":"https:\/\/sexshopzagues.com.mx\/tienda\/index.php?rest_route=%2Fwp%2Fv2%2Fproduct_tag&post=3330"}],"curies":[{"name":"wp","href":"https:\/\/api.w.org\/{rel}","templated":true}]}}