{"id":3322,"date":"2016-09-20T19:56:33","date_gmt":"2016-09-20T19:56:33","guid":{"rendered":"http:\/\/sexshopzagues.com.mx\/tienda\/?post_type=product&#038;p=3322"},"modified":"2023-03-08T01:01:28","modified_gmt":"2023-03-08T01:01:28","slug":"goddess-dual-glit-g-spot-vibrator__trashed","status":"publish","type":"product","link":"https:\/\/sexshopzagues.com.mx\/tienda\/?product=goddess-dual-glit-g-spot-vibrator__trashed","title":{"rendered":"Goddess Dual Glit G-Spot Vibrator"},"content":{"rendered":"<p>Estimula los puntos exactos para darte placer. Forma curva para punto G y cl\u00edtoris, f\u00e1cil de manipular, poderoso motor con 7 velocidades de vibraci\u00f3n, pulsaci\u00f3n y escalas. A prueba de agua. Material hipoalerg\u00e9nico 100% silic\u00f3n.<\/p>\n","protected":false},"excerpt":{"rendered":"Vibrador para punto g y cl\u00edtoris, con 7 frecuencias.","protected":false},"featured_media":3323,"comment_status":"open","ping_status":"closed","template":"","meta":[],"product_cat":[162,157,57],"product_tag":[77,86],"_links":{"self":[{"href":"https:\/\/sexshopzagues.com.mx\/tienda\/index.php?rest_route=\/wp\/v2\/product\/3322"}],"collection":[{"href":"https:\/\/sexshopzagues.com.mx\/tienda\/index.php?rest_route=\/wp\/v2\/product"}],"about":[{"href":"https:\/\/sexshopzagues.com.mx\/tienda\/index.php?rest_route=\/wp\/v2\/types\/product"}],"replies":[{"embeddable":true,"href":"https:\/\/sexshopzagues.com.mx\/tienda\/index.php?rest_route=%2Fwp%2Fv2%2Fcomments&post=3322"}],"wp:featuredmedia":[{"embeddable":true,"href":"https:\/\/sexshopzagues.com.mx\/tienda\/index.php?rest_route=\/wp\/v2\/media\/3323"}],"wp:attachment":[{"href":"https:\/\/sexshopzagues.com.mx\/tienda\/index.php?rest_route=%2Fwp%2Fv2%2Fmedia&parent=3322"}],"wp:term":[{"taxonomy":"product_cat","embeddable":true,"href":"https:\/\/sexshopzagues.com.mx\/tienda\/index.php?rest_route=%2Fwp%2Fv2%2Fproduct_cat&post=3322"},{"taxonomy":"product_tag","embeddable":true,"href":"https:\/\/sexshopzagues.com.mx\/tienda\/index.php?rest_route=%2Fwp%2Fv2%2Fproduct_tag&post=3322"}],"curies":[{"name":"wp","href":"https:\/\/api.w.org\/{rel}","templated":true}]}}