{"id":3075,"date":"2016-09-17T20:26:12","date_gmt":"2016-09-17T20:26:12","guid":{"rendered":"http:\/\/sexshopzagues.com.mx\/tienda\/?post_type=product&#038;p=3075"},"modified":"2021-09-07T22:55:35","modified_gmt":"2021-09-07T22:55:35","slug":"waterproof-shower-stud-super-stud-brown__trashed","status":"publish","type":"product","link":"https:\/\/sexshopzagues.com.mx\/tienda\/?product=waterproof-shower-stud-super-stud-brown__trashed","title":{"rendered":"Waterproof Shower Stud? Super Stud Brown"},"content":{"rendered":"<p>Vibrador regulable, de textura real\u00edstica, con base de succi\u00f3n que se adhiere a cualquier superficie lisa. A prueba de agua, util\u00edzalo donde quieras. Medidas: 12.75 cm x 4.5 cm (insertables).<\/p>\n","protected":false},"excerpt":{"rendered":"Vibrador con base adherible, material real\u00edstico, a prueba de agua.","protected":false},"featured_media":3077,"comment_status":"open","ping_status":"closed","template":"","meta":[],"product_cat":[57],"product_tag":[75,82],"_links":{"self":[{"href":"https:\/\/sexshopzagues.com.mx\/tienda\/index.php?rest_route=\/wp\/v2\/product\/3075"}],"collection":[{"href":"https:\/\/sexshopzagues.com.mx\/tienda\/index.php?rest_route=\/wp\/v2\/product"}],"about":[{"href":"https:\/\/sexshopzagues.com.mx\/tienda\/index.php?rest_route=\/wp\/v2\/types\/product"}],"replies":[{"embeddable":true,"href":"https:\/\/sexshopzagues.com.mx\/tienda\/index.php?rest_route=%2Fwp%2Fv2%2Fcomments&post=3075"}],"wp:featuredmedia":[{"embeddable":true,"href":"https:\/\/sexshopzagues.com.mx\/tienda\/index.php?rest_route=\/wp\/v2\/media\/3077"}],"wp:attachment":[{"href":"https:\/\/sexshopzagues.com.mx\/tienda\/index.php?rest_route=%2Fwp%2Fv2%2Fmedia&parent=3075"}],"wp:term":[{"taxonomy":"product_cat","embeddable":true,"href":"https:\/\/sexshopzagues.com.mx\/tienda\/index.php?rest_route=%2Fwp%2Fv2%2Fproduct_cat&post=3075"},{"taxonomy":"product_tag","embeddable":true,"href":"https:\/\/sexshopzagues.com.mx\/tienda\/index.php?rest_route=%2Fwp%2Fv2%2Fproduct_tag&post=3075"}],"curies":[{"name":"wp","href":"https:\/\/api.w.org\/{rel}","templated":true}]}}