{"id":2796,"date":"2016-09-14T20:00:55","date_gmt":"2016-09-14T20:00:55","guid":{"rendered":"http:\/\/sexshopzagues.com.mx\/tienda\/?post_type=product&#038;p=2796"},"modified":"2023-03-08T02:30:36","modified_gmt":"2023-03-08T02:30:36","slug":"coco-licious-booty-beads-pink","status":"publish","type":"product","link":"https:\/\/sexshopzagues.com.mx\/tienda\/?product=coco-licious-booty-beads-pink","title":{"rendered":"COCO BOOTY BEADS &#8211; PINK"},"content":{"rendered":"<p>Conoce la linea Coco Licious y a tu nuevo mejor amigo! Sonda anal con textura de &#8220;bolas&#8221;, graduadas. Con aro para f\u00e1cil extracci\u00f3n e inserci\u00f3n. Material 100% silic\u00f3n, liso y terso al tacto, libre de ftalatos, hipoalergenico. Medidas: 11.5 cm x 3.25 cm<\/p>\n","protected":false},"excerpt":{"rendered":"Bolitas anales.","protected":false},"featured_media":12584,"comment_status":"open","ping_status":"closed","template":"","meta":[],"product_cat":[170,56],"product_tag":[167,186,75],"_links":{"self":[{"href":"https:\/\/sexshopzagues.com.mx\/tienda\/index.php?rest_route=\/wp\/v2\/product\/2796"}],"collection":[{"href":"https:\/\/sexshopzagues.com.mx\/tienda\/index.php?rest_route=\/wp\/v2\/product"}],"about":[{"href":"https:\/\/sexshopzagues.com.mx\/tienda\/index.php?rest_route=\/wp\/v2\/types\/product"}],"replies":[{"embeddable":true,"href":"https:\/\/sexshopzagues.com.mx\/tienda\/index.php?rest_route=%2Fwp%2Fv2%2Fcomments&post=2796"}],"wp:featuredmedia":[{"embeddable":true,"href":"https:\/\/sexshopzagues.com.mx\/tienda\/index.php?rest_route=\/wp\/v2\/media\/12584"}],"wp:attachment":[{"href":"https:\/\/sexshopzagues.com.mx\/tienda\/index.php?rest_route=%2Fwp%2Fv2%2Fmedia&parent=2796"}],"wp:term":[{"taxonomy":"product_cat","embeddable":true,"href":"https:\/\/sexshopzagues.com.mx\/tienda\/index.php?rest_route=%2Fwp%2Fv2%2Fproduct_cat&post=2796"},{"taxonomy":"product_tag","embeddable":true,"href":"https:\/\/sexshopzagues.com.mx\/tienda\/index.php?rest_route=%2Fwp%2Fv2%2Fproduct_tag&post=2796"}],"curies":[{"name":"wp","href":"https:\/\/api.w.org\/{rel}","templated":true}]}}