{"id":2127,"date":"2016-09-07T19:26:13","date_gmt":"2016-09-07T19:26:13","guid":{"rendered":"http:\/\/sexshopzagues.com.mx\/tienda\/?post_type=product&#038;p=2127"},"modified":"2021-09-07T06:58:57","modified_gmt":"2021-09-07T06:58:57","slug":"micro-tinglers-tear-drop","status":"publish","type":"product","link":"https:\/\/sexshopzagues.com.mx\/tienda\/?product=micro-tinglers-tear-drop","title":{"rendered":"Micro Tinglers? &#8211; Tear Drop"},"content":{"rendered":"<p>Revoluciona la forma de las cl\u00e1sicas balas. Micro balita silenciosa, de vibraci\u00f3n regulable. Ideal para estimular cualquier zona er\u00f3gena y sensible, en hombre y mujer. Medidas de la micro bala: 4 cm x 1 cm.<\/p>\n","protected":false},"excerpt":{"rendered":"Micro bala.","protected":false},"featured_media":2128,"comment_status":"open","ping_status":"closed","template":"","meta":[],"product_cat":[57],"product_tag":[75],"_links":{"self":[{"href":"https:\/\/sexshopzagues.com.mx\/tienda\/index.php?rest_route=\/wp\/v2\/product\/2127"}],"collection":[{"href":"https:\/\/sexshopzagues.com.mx\/tienda\/index.php?rest_route=\/wp\/v2\/product"}],"about":[{"href":"https:\/\/sexshopzagues.com.mx\/tienda\/index.php?rest_route=\/wp\/v2\/types\/product"}],"replies":[{"embeddable":true,"href":"https:\/\/sexshopzagues.com.mx\/tienda\/index.php?rest_route=%2Fwp%2Fv2%2Fcomments&post=2127"}],"wp:featuredmedia":[{"embeddable":true,"href":"https:\/\/sexshopzagues.com.mx\/tienda\/index.php?rest_route=\/wp\/v2\/media\/2128"}],"wp:attachment":[{"href":"https:\/\/sexshopzagues.com.mx\/tienda\/index.php?rest_route=%2Fwp%2Fv2%2Fmedia&parent=2127"}],"wp:term":[{"taxonomy":"product_cat","embeddable":true,"href":"https:\/\/sexshopzagues.com.mx\/tienda\/index.php?rest_route=%2Fwp%2Fv2%2Fproduct_cat&post=2127"},{"taxonomy":"product_tag","embeddable":true,"href":"https:\/\/sexshopzagues.com.mx\/tienda\/index.php?rest_route=%2Fwp%2Fv2%2Fproduct_tag&post=2127"}],"curies":[{"name":"wp","href":"https:\/\/api.w.org\/{rel}","templated":true}]}}