{"id":1746,"date":"2016-09-05T23:27:00","date_gmt":"2016-09-05T23:27:00","guid":{"rendered":"http:\/\/sexshopzagues.com.mx\/tienda\/?post_type=product&#038;p=1746"},"modified":"2017-07-26T18:23:38","modified_gmt":"2017-07-26T18:23:38","slug":"top-gauge-professional-pressurized-pump","status":"publish","type":"product","link":"https:\/\/sexshopzagues.com.mx\/tienda\/?product=top-gauge-professional-pressurized-pump","title":{"rendered":"Top Gauge? Professional Pressurized Pump"},"content":{"rendered":"<p>Descubra el espesor de sus erecciones con esta bomba de succi\u00f3n de calidad profesional, con manija de pistola. Simplemente inserte su pene en el tubo y apriete el mango de la pistola, y vera su pene hincharse, es de material PVC y sella perfectamente a la piel creando un vac\u00edo de gran alcance. Tiene un indicador de f\u00e1cil lectura que le permite saber la cantidad de presi\u00f3n que ha bombeado. El tubo <span class=\"text_exposed_show\">esta hecho de acr\u00edlico grueso y marcado con m\u00e9trica y graduaci\u00f3n est\u00e1ndar para medir el crecimiento del pene. El man\u00f3metro de precisi\u00f3n le permite supervisar su progreso de bombeo y ver la cantidad de presi\u00f3n del vac\u00edo. Cuando haya alcanzado el tama\u00f1o deseado simplemente apriete el gatillo de liberaci\u00f3n r\u00e1pida para aliviar la presi\u00f3n al instante.<\/span><\/p>\n","protected":false},"excerpt":{"rendered":"Bomba de vac\u00edo con poderosa pistola.","protected":false},"featured_media":1747,"comment_status":"open","ping_status":"closed","template":"","meta":[],"product_cat":[60],"product_tag":[75],"_links":{"self":[{"href":"https:\/\/sexshopzagues.com.mx\/tienda\/index.php?rest_route=\/wp\/v2\/product\/1746"}],"collection":[{"href":"https:\/\/sexshopzagues.com.mx\/tienda\/index.php?rest_route=\/wp\/v2\/product"}],"about":[{"href":"https:\/\/sexshopzagues.com.mx\/tienda\/index.php?rest_route=\/wp\/v2\/types\/product"}],"replies":[{"embeddable":true,"href":"https:\/\/sexshopzagues.com.mx\/tienda\/index.php?rest_route=%2Fwp%2Fv2%2Fcomments&post=1746"}],"wp:featuredmedia":[{"embeddable":true,"href":"https:\/\/sexshopzagues.com.mx\/tienda\/index.php?rest_route=\/wp\/v2\/media\/1747"}],"wp:attachment":[{"href":"https:\/\/sexshopzagues.com.mx\/tienda\/index.php?rest_route=%2Fwp%2Fv2%2Fmedia&parent=1746"}],"wp:term":[{"taxonomy":"product_cat","embeddable":true,"href":"https:\/\/sexshopzagues.com.mx\/tienda\/index.php?rest_route=%2Fwp%2Fv2%2Fproduct_cat&post=1746"},{"taxonomy":"product_tag","embeddable":true,"href":"https:\/\/sexshopzagues.com.mx\/tienda\/index.php?rest_route=%2Fwp%2Fv2%2Fproduct_tag&post=1746"}],"curies":[{"name":"wp","href":"https:\/\/api.w.org\/{rel}","templated":true}]}}