{"id":1521,"date":"2016-09-03T22:59:14","date_gmt":"2016-09-03T22:59:14","guid":{"rendered":"http:\/\/sexshopzagues.com.mx\/tienda\/?post_type=product&#038;p=1521"},"modified":"2021-09-07T21:43:56","modified_gmt":"2021-09-07T21:43:56","slug":"true-love","status":"publish","type":"product","link":"https:\/\/sexshopzagues.com.mx\/tienda\/?product=true-love","title":{"rendered":"True Love?"},"content":{"rendered":"<p>&#8220;Hechos a mano para inspirar el amor verdadero&#8221;. Con reconocimiento por calidad e innovaci\u00f3n, el sofisticado True Love cuenta con eje rotatorio y 3 filas de perlas que giran para estimular paredes vaginales, una de estas filas es m\u00e1s protuberante que las otras lo que aumenta la sensaci\u00f3n estimulante que <span class=\"text_exposed_show\">brinda este mecanismo, la mariposa para cl\u00edtoris tiene alcance hasta labios. Cuenta con 8 velocidades de vibraci\u00f3n y 3 funciones de pulsaci\u00f3n y escalas; 8 velocidades de rotaci\u00f3n en el eje y 3 funciones puesto que es reversible; eje texturizado para una estimulaci\u00f3n completa, material s\u00faper suave, sin olor, a prueba de agua. Medidas: 14 cm x 4 cm. (sin contar los mandos)<\/p>\n<p><\/span><\/p>\n","protected":false},"excerpt":{"rendered":"Vibrador con 8 frecuencias de vibraci\u00f3n y 8 velocidades de rotaci\u00f3n.","protected":false},"featured_media":1522,"comment_status":"open","ping_status":"closed","template":"","meta":[],"product_cat":[73,57],"product_tag":[96,75,94,91,86],"_links":{"self":[{"href":"https:\/\/sexshopzagues.com.mx\/tienda\/index.php?rest_route=\/wp\/v2\/product\/1521"}],"collection":[{"href":"https:\/\/sexshopzagues.com.mx\/tienda\/index.php?rest_route=\/wp\/v2\/product"}],"about":[{"href":"https:\/\/sexshopzagues.com.mx\/tienda\/index.php?rest_route=\/wp\/v2\/types\/product"}],"replies":[{"embeddable":true,"href":"https:\/\/sexshopzagues.com.mx\/tienda\/index.php?rest_route=%2Fwp%2Fv2%2Fcomments&post=1521"}],"wp:featuredmedia":[{"embeddable":true,"href":"https:\/\/sexshopzagues.com.mx\/tienda\/index.php?rest_route=\/wp\/v2\/media\/1522"}],"wp:attachment":[{"href":"https:\/\/sexshopzagues.com.mx\/tienda\/index.php?rest_route=%2Fwp%2Fv2%2Fmedia&parent=1521"}],"wp:term":[{"taxonomy":"product_cat","embeddable":true,"href":"https:\/\/sexshopzagues.com.mx\/tienda\/index.php?rest_route=%2Fwp%2Fv2%2Fproduct_cat&post=1521"},{"taxonomy":"product_tag","embeddable":true,"href":"https:\/\/sexshopzagues.com.mx\/tienda\/index.php?rest_route=%2Fwp%2Fv2%2Fproduct_tag&post=1521"}],"curies":[{"name":"wp","href":"https:\/\/api.w.org\/{rel}","templated":true}]}}