{"id":12624,"date":"2021-04-13T04:46:07","date_gmt":"2021-04-13T04:46:07","guid":{"rendered":"https:\/\/sexshopzagues.com.mx\/tienda\/?post_type=product&#038;p=12624"},"modified":"2023-02-23T22:21:29","modified_gmt":"2023-02-23T22:21:29","slug":"fetish-fantasy-series-silk-rope-love-punos-negro","status":"publish","type":"product","link":"https:\/\/sexshopzagues.com.mx\/tienda\/?product=fetish-fantasy-series-silk-rope-love-punos-negro","title":{"rendered":"Fetish Fantasy Series Silk Rope Love Pu\u00f1os &#8211; Negro"},"content":{"rendered":"<p>\u00a1Ahora puedes disfrutar del antiguo arte del bondage japon\u00e9s sin tener que ser un experto!\u00a0Estos Silk Rope Love Cuffs hacen que el juego de bondage estilo cuerda sea divertido y f\u00e1cil para los principiantes.\u00a0\u00a1Simplemente deslice la cincha de pl\u00e1stico alrededor de su sujeto y r\u00e1pidamente sabr\u00e1 qui\u00e9n est\u00e1 a cargo!\u00a0Las cuerdas suaves y sedosas se sienten muy bien contra su piel, y la cincha de pl\u00e1stico se ajusta para asegurarse de que el sujeto no se escape.\u00a0Los pu\u00f1os son perfectos para tobillos o mu\u00f1ecas y se pueden usar solos o con otras restricciones de la serie Fetish Fantasy.\u00a0\u00a1Experimenta la emoci\u00f3n del bondage y explora tus fantas\u00edas fetichistas m\u00e1s profundas!<\/p>\n","protected":false},"excerpt":{"rendered":"Esposas de cuerda suave para\u00a0 bondage","protected":false},"featured_media":12625,"comment_status":"open","ping_status":"closed","template":"","meta":[],"product_cat":[160,53],"product_tag":[218,245],"_links":{"self":[{"href":"https:\/\/sexshopzagues.com.mx\/tienda\/index.php?rest_route=\/wp\/v2\/product\/12624"}],"collection":[{"href":"https:\/\/sexshopzagues.com.mx\/tienda\/index.php?rest_route=\/wp\/v2\/product"}],"about":[{"href":"https:\/\/sexshopzagues.com.mx\/tienda\/index.php?rest_route=\/wp\/v2\/types\/product"}],"replies":[{"embeddable":true,"href":"https:\/\/sexshopzagues.com.mx\/tienda\/index.php?rest_route=%2Fwp%2Fv2%2Fcomments&post=12624"}],"wp:featuredmedia":[{"embeddable":true,"href":"https:\/\/sexshopzagues.com.mx\/tienda\/index.php?rest_route=\/wp\/v2\/media\/12625"}],"wp:attachment":[{"href":"https:\/\/sexshopzagues.com.mx\/tienda\/index.php?rest_route=%2Fwp%2Fv2%2Fmedia&parent=12624"}],"wp:term":[{"taxonomy":"product_cat","embeddable":true,"href":"https:\/\/sexshopzagues.com.mx\/tienda\/index.php?rest_route=%2Fwp%2Fv2%2Fproduct_cat&post=12624"},{"taxonomy":"product_tag","embeddable":true,"href":"https:\/\/sexshopzagues.com.mx\/tienda\/index.php?rest_route=%2Fwp%2Fv2%2Fproduct_tag&post=12624"}],"curies":[{"name":"wp","href":"https:\/\/api.w.org\/{rel}","templated":true}]}}