{"id":12466,"date":"2020-07-03T22:33:39","date_gmt":"2020-07-03T22:33:39","guid":{"rendered":"https:\/\/sexshopzagues.com.mx\/tienda\/?post_type=product&#038;p=12466"},"modified":"2023-02-23T22:29:07","modified_gmt":"2023-02-23T22:29:07","slug":"fx-vibrating-cock-rocket","status":"publish","type":"product","link":"https:\/\/sexshopzagues.com.mx\/tienda\/?product=fx-vibrating-cock-rocket","title":{"rendered":"FX &#8211; VIBRATING COCK ROCKET"},"content":{"rendered":"<p><span>Convierte tu pene en una m\u00e1quina de placer instant\u00e1nea con las incre\u00edbles tensiones Fantasy X.\u00a0Ahora puedes ser todo el hombre que puedas ser y satisfacer a tu pareja con este potenciador de la erecci\u00f3n f\u00e1cil de usar.\u00a0Desarrollado como una alternativa segura, asequible y no quir\u00fargica a los costosos procedimientos y p\u00edldoras m\u00e9dicas, su Fantasy X-tension le dar\u00e1 la ca\u00f1a de placer m\u00e1s grande, gruesa y satisfactoria que haya imaginado.\u00a0Perfecto para hombres con disfunci\u00f3n er\u00e9ctil y problemas de rendimiento intermedios, \u00a1su nuevo potenciador brindar\u00e1 resultados que a ambas parejas les encantar\u00e1n!\u00a0\u00a1Despega con The Vibrating Cock Rocket, el mejor potenciador de la erecci\u00f3n!\u00a0Con esta jaula de gallo s\u00faper el\u00e1stica envuelta alrededor de tu cabeza y el anillo de gallo apretado en tu base, permanecer\u00e1s duro incluso cuando la acci\u00f3n se calienta.\u00a0Su pareja disfrutar\u00e1 de una penetraci\u00f3n m\u00e1s profunda con la extensi\u00f3n de 1 &#8220;en la punta,\u00a0mientras que la poderosa micro bala ofrece vibraciones incre\u00edbles para una estimulaci\u00f3n explosiva con cada empuje.\u00a0\u00a1Pru\u00e9balo en la ducha o en el spa y convierte la hora del ba\u00f1o en un momento de placer!<\/span><\/p>\n<p><span>Una talla le queda a la mayor\u00eda.\u00a0Esto no es un cond\u00f3n.<\/span><\/p>\n<p><span>Extensi\u00f3n de + 1 &#8220;(25 mm)<\/span><\/p>\n<p><span>+ Mantener erecciones y prolongar la eyaculaci\u00f3n<\/span><\/p>\n<p><span>+ Vibraciones impermeables<\/span><\/p>\n<p><span>+ S\u00faper el\u00e1stico<\/span><\/p>\n<p><span>Medidas del art\u00edculo: Longitud: 7 &#8220;(17.7 cm) Di\u00e1metro interno: 1.4&#8221; (3.5 cm)<\/span><\/p>\n","protected":false},"excerpt":{"rendered":"Funda tipo jaula con vibracion","protected":false},"featured_media":12467,"comment_status":"open","ping_status":"closed","template":"","meta":[],"product_cat":[159,69],"product_tag":[192,191,76],"_links":{"self":[{"href":"https:\/\/sexshopzagues.com.mx\/tienda\/index.php?rest_route=\/wp\/v2\/product\/12466"}],"collection":[{"href":"https:\/\/sexshopzagues.com.mx\/tienda\/index.php?rest_route=\/wp\/v2\/product"}],"about":[{"href":"https:\/\/sexshopzagues.com.mx\/tienda\/index.php?rest_route=\/wp\/v2\/types\/product"}],"replies":[{"embeddable":true,"href":"https:\/\/sexshopzagues.com.mx\/tienda\/index.php?rest_route=%2Fwp%2Fv2%2Fcomments&post=12466"}],"wp:featuredmedia":[{"embeddable":true,"href":"https:\/\/sexshopzagues.com.mx\/tienda\/index.php?rest_route=\/wp\/v2\/media\/12467"}],"wp:attachment":[{"href":"https:\/\/sexshopzagues.com.mx\/tienda\/index.php?rest_route=%2Fwp%2Fv2%2Fmedia&parent=12466"}],"wp:term":[{"taxonomy":"product_cat","embeddable":true,"href":"https:\/\/sexshopzagues.com.mx\/tienda\/index.php?rest_route=%2Fwp%2Fv2%2Fproduct_cat&post=12466"},{"taxonomy":"product_tag","embeddable":true,"href":"https:\/\/sexshopzagues.com.mx\/tienda\/index.php?rest_route=%2Fwp%2Fv2%2Fproduct_tag&post=12466"}],"curies":[{"name":"wp","href":"https:\/\/api.w.org\/{rel}","templated":true}]}}