{"id":1189,"date":"2016-09-02T17:24:05","date_gmt":"2016-09-02T17:24:05","guid":{"rendered":"http:\/\/sexshopzagues.com.mx\/tienda\/?post_type=product&#038;p=1189"},"modified":"2021-09-07T22:08:59","modified_gmt":"2021-09-07T22:08:59","slug":"pump-worx-beginners-power-pump-red","status":"publish","type":"product","link":"https:\/\/sexshopzagues.com.mx\/tienda\/?product=pump-worx-beginners-power-pump-red","title":{"rendered":"Pump Worx Beginner&#8217;s Power Pump Red"},"content":{"rendered":"<p>Esta bomba esta desarrollada para producir los m\u00e1ximos resultados, es de material PVC. Una de las mejores opciones para la ampliaci\u00f3n del pene al instante. Tiene una v\u00e1lvula de liberaci\u00f3n r\u00e1pida para aliviar la presi\u00f3n con la pulsaci\u00f3n de un bot\u00f3n.<br \/>\nIncluye un anillo para prolongar la erecci\u00f3n, lubricante y limpiador de juguete.<\/p>\n","protected":false},"excerpt":{"rendered":"Bomba de vac\u00edo.","protected":false},"featured_media":1190,"comment_status":"open","ping_status":"closed","template":"","meta":[],"product_cat":[72,159,60],"product_tag":[193,76],"_links":{"self":[{"href":"https:\/\/sexshopzagues.com.mx\/tienda\/index.php?rest_route=\/wp\/v2\/product\/1189"}],"collection":[{"href":"https:\/\/sexshopzagues.com.mx\/tienda\/index.php?rest_route=\/wp\/v2\/product"}],"about":[{"href":"https:\/\/sexshopzagues.com.mx\/tienda\/index.php?rest_route=\/wp\/v2\/types\/product"}],"replies":[{"embeddable":true,"href":"https:\/\/sexshopzagues.com.mx\/tienda\/index.php?rest_route=%2Fwp%2Fv2%2Fcomments&post=1189"}],"wp:featuredmedia":[{"embeddable":true,"href":"https:\/\/sexshopzagues.com.mx\/tienda\/index.php?rest_route=\/wp\/v2\/media\/1190"}],"wp:attachment":[{"href":"https:\/\/sexshopzagues.com.mx\/tienda\/index.php?rest_route=%2Fwp%2Fv2%2Fmedia&parent=1189"}],"wp:term":[{"taxonomy":"product_cat","embeddable":true,"href":"https:\/\/sexshopzagues.com.mx\/tienda\/index.php?rest_route=%2Fwp%2Fv2%2Fproduct_cat&post=1189"},{"taxonomy":"product_tag","embeddable":true,"href":"https:\/\/sexshopzagues.com.mx\/tienda\/index.php?rest_route=%2Fwp%2Fv2%2Fproduct_tag&post=1189"}],"curies":[{"name":"wp","href":"https:\/\/api.w.org\/{rel}","templated":true}]}}