{"id":11661,"date":"2018-10-10T19:08:44","date_gmt":"2018-10-10T19:08:44","guid":{"rendered":"http:\/\/sexshopzagues.com.mx\/tienda\/?post_type=product&#038;p=11661"},"modified":"2023-02-23T23:07:15","modified_gmt":"2023-02-23T23:07:15","slug":"fashion-dude-6-9-inch-cock","status":"publish","type":"product","link":"https:\/\/sexshopzagues.com.mx\/tienda\/?product=fashion-dude-6-9-inch-cock","title":{"rendered":"Fashion Dude- 6.9 Inch Cock"},"content":{"rendered":"<p>La linea Fashion Dude trae para ti uno de los materiales mas real\u00edsticos de densidad dual, da la sensaci\u00f3n m\u00e1s real\u00edstica imaginada.<\/p>\n<ul>\n<li>Antibacterial<\/li>\n<li>Materiales seguros para el cuerpo<\/li>\n<li>Poderosa ventosa<\/li>\n<li>Compatible con arn\u00e9s<\/li>\n<li>Densidad Dual<\/li>\n<li>Medidas: 17,2cm x 4,1cm<\/li>\n<\/ul>\n","protected":false},"excerpt":{"rendered":"Dildo de densidad dual, material realista, con ventosa.","protected":false},"featured_media":11662,"comment_status":"open","ping_status":"closed","template":"","meta":[],"product_cat":[58],"product_tag":[77,84,82,85],"_links":{"self":[{"href":"https:\/\/sexshopzagues.com.mx\/tienda\/index.php?rest_route=\/wp\/v2\/product\/11661"}],"collection":[{"href":"https:\/\/sexshopzagues.com.mx\/tienda\/index.php?rest_route=\/wp\/v2\/product"}],"about":[{"href":"https:\/\/sexshopzagues.com.mx\/tienda\/index.php?rest_route=\/wp\/v2\/types\/product"}],"replies":[{"embeddable":true,"href":"https:\/\/sexshopzagues.com.mx\/tienda\/index.php?rest_route=%2Fwp%2Fv2%2Fcomments&post=11661"}],"wp:featuredmedia":[{"embeddable":true,"href":"https:\/\/sexshopzagues.com.mx\/tienda\/index.php?rest_route=\/wp\/v2\/media\/11662"}],"wp:attachment":[{"href":"https:\/\/sexshopzagues.com.mx\/tienda\/index.php?rest_route=%2Fwp%2Fv2%2Fmedia&parent=11661"}],"wp:term":[{"taxonomy":"product_cat","embeddable":true,"href":"https:\/\/sexshopzagues.com.mx\/tienda\/index.php?rest_route=%2Fwp%2Fv2%2Fproduct_cat&post=11661"},{"taxonomy":"product_tag","embeddable":true,"href":"https:\/\/sexshopzagues.com.mx\/tienda\/index.php?rest_route=%2Fwp%2Fv2%2Fproduct_tag&post=11661"}],"curies":[{"name":"wp","href":"https:\/\/api.w.org\/{rel}","templated":true}]}}