{"id":10753,"date":"2018-05-17T02:04:51","date_gmt":"2018-05-17T02:04:51","guid":{"rendered":"http:\/\/sexshopzagues.com.mx\/tienda\/?post_type=product&#038;p=10753"},"modified":"2023-02-24T22:02:10","modified_gmt":"2023-02-24T22:02:10","slug":"fantasy-for-her-kegel-train-her-set","status":"publish","type":"product","link":"https:\/\/sexshopzagues.com.mx\/tienda\/?product=fantasy-for-her-kegel-train-her-set","title":{"rendered":"Fantasy For Her Kegel Train-Her Set"},"content":{"rendered":"<p>Fue su peque\u00f1o secreto. Hab\u00eda empezado con el tren de Kegel m\u00e1s ligero, hac\u00eda casi dos semanas y hab\u00eda subido al tren de Kegel m\u00e1s pesado, ella. Al principio, estaba un poco nerviosa por insertar algo cargado en su vagina. Pero el tren de Kegel m\u00e1s ligero, no parec\u00eda tan pesado y descubri\u00f3 que cuando coloc\u00f3 la suave silicona cerca de su abertura, se desliz\u00f3 f\u00e1cilmente dentro de ella como si perteneciera all\u00ed. Ella disfrut\u00f3 de la sensaci\u00f3n plena y las sensaciones \u00edntimas cuando el cuerpo respondi\u00f3 a ella, y la humedad sexual que a veces se produc\u00eda cuando la usaba. Se encontr\u00f3 anhelando la sensaci\u00f3n de su tren de kegel, ella dentro de ella. Pronto hab\u00eda deseado el mayor peso del tren de Kegel mediano: ella. \u00a1Estaba tan emocionada que casi no pod\u00eda dormir el d\u00eda antes de planear usarlo! Se lo hab\u00eda puesto durante casi media hora en varias ocasiones durante su semana, justo despu\u00e9s de la ducha, mientras compraba, durante el trabajo e incluso durante su clase de yoga, donde se encontraba cada vez m\u00e1s excitada mientras se mov\u00eda agradablemente dentro de ella. con cada nueva pose de yoga. Y hoy marc\u00f3 el d\u00eda 14 de ejercicio con su tren de Kegel, y la tercera vez que us\u00f3 la versi\u00f3n m\u00e1s pesada. \u00a1No pod\u00eda creer lo fuertes que se sent\u00edan sus m\u00fasculos vaginales! Era como si tuviera un entrenador personal para su vagina. A veces insertaba uno y practicaba apretar. Otras veces solo insertaba una y disfrutaba del peso y la sensaci\u00f3n de sostenerla. Se trata de Ella.<\/p>\n<ul>\n<li>Sistema de bolas kegel para fortalecimiento de suelo p\u00e9lvico<\/li>\n<li>3 niveles de pesas: proporciona un entrenamiento interno para fortalecer sus m\u00fasculos p\u00e9lvicos.<\/li>\n<li>Ultra-Hygienic Elite Silcone: Silicona incre\u00edblemente suave y segura para el cuerpo que se calienta a la temperatura de tu cuerpo.<\/li>\n<li>Ajuste perfecto: Dise\u00f1ado por expertos para seguir los contornos naturales de su cuerpo.<\/li>\n<\/ul>\n<p>Medidas:<\/p>\n<p>18.4cm x 2.8cm x 2.8cm<\/p>\n<p>Peso:<\/p>\n<p>Rosado: Peso del art\u00edculo: 1.75 oz (50 gramos)<br \/>\nLavendar: Peso del art\u00edculo: 2.8 oz (80 gramos)<br \/>\nP\u00farpura: Peso del art\u00edculo: 3.9 oz (110 gramos)<\/p>\n","protected":false},"excerpt":{"rendered":"Set de bolas kegel, ejercitan suelo p\u00e9lvico.","protected":false},"featured_media":10754,"comment_status":"open","ping_status":"closed","template":"","meta":[],"product_cat":[164,53],"product_tag":[92,76],"_links":{"self":[{"href":"https:\/\/sexshopzagues.com.mx\/tienda\/index.php?rest_route=\/wp\/v2\/product\/10753"}],"collection":[{"href":"https:\/\/sexshopzagues.com.mx\/tienda\/index.php?rest_route=\/wp\/v2\/product"}],"about":[{"href":"https:\/\/sexshopzagues.com.mx\/tienda\/index.php?rest_route=\/wp\/v2\/types\/product"}],"replies":[{"embeddable":true,"href":"https:\/\/sexshopzagues.com.mx\/tienda\/index.php?rest_route=%2Fwp%2Fv2%2Fcomments&post=10753"}],"wp:featuredmedia":[{"embeddable":true,"href":"https:\/\/sexshopzagues.com.mx\/tienda\/index.php?rest_route=\/wp\/v2\/media\/10754"}],"wp:attachment":[{"href":"https:\/\/sexshopzagues.com.mx\/tienda\/index.php?rest_route=%2Fwp%2Fv2%2Fmedia&parent=10753"}],"wp:term":[{"taxonomy":"product_cat","embeddable":true,"href":"https:\/\/sexshopzagues.com.mx\/tienda\/index.php?rest_route=%2Fwp%2Fv2%2Fproduct_cat&post=10753"},{"taxonomy":"product_tag","embeddable":true,"href":"https:\/\/sexshopzagues.com.mx\/tienda\/index.php?rest_route=%2Fwp%2Fv2%2Fproduct_tag&post=10753"}],"curies":[{"name":"wp","href":"https:\/\/api.w.org\/{rel}","templated":true}]}}