{"id":10531,"date":"2018-04-07T18:55:52","date_gmt":"2018-04-07T18:55:52","guid":{"rendered":"http:\/\/sexshopzagues.com.mx\/tienda\/?post_type=product&#038;p=10531"},"modified":"2023-02-25T02:43:06","modified_gmt":"2023-02-25T02:43:06","slug":"elbow-grease-cream-hot-formula-9-oz","status":"publish","type":"product","link":"https:\/\/sexshopzagues.com.mx\/tienda\/?product=elbow-grease-cream-hot-formula-9-oz","title":{"rendered":"Elbow Grease Hot Cream \u2013 9 Oz."},"content":{"rendered":"<p>Elbow Grease Hot Cream, es de consistencia espesa como la f\u00f3rmula original, pero se calienta haciendo m\u00e1s estimulante la experiencia. El agente de calentamiento en la f\u00f3rmula es el mentol.<\/p>\n<p>Elbow Grease Hot es un lubricante seguro de larga duraci\u00f3n que proporciona una sensaci\u00f3n de calentamiento dise\u00f1ado espec\u00edficamente para mejorar su experiencia sexual anal. Las cremas de Elbow Grease solo se deben de utilizar con condones de poliuretano y no deben de ser utilizados con condones de l\u00e1tex.<\/p>\n<p>Ideal pero no exclusivo para la gente fan\u00e1tica del fisting.<\/p>\n<p>Contenido: 9 oz\/255gr<\/p>\n","protected":false},"excerpt":{"rendered":"Crema anal, f\u00f3rmula original.","protected":false},"featured_media":10532,"comment_status":"open","ping_status":"closed","template":"","meta":[],"product_cat":[72,173,56,59],"product_tag":[206],"_links":{"self":[{"href":"https:\/\/sexshopzagues.com.mx\/tienda\/index.php?rest_route=\/wp\/v2\/product\/10531"}],"collection":[{"href":"https:\/\/sexshopzagues.com.mx\/tienda\/index.php?rest_route=\/wp\/v2\/product"}],"about":[{"href":"https:\/\/sexshopzagues.com.mx\/tienda\/index.php?rest_route=\/wp\/v2\/types\/product"}],"replies":[{"embeddable":true,"href":"https:\/\/sexshopzagues.com.mx\/tienda\/index.php?rest_route=%2Fwp%2Fv2%2Fcomments&post=10531"}],"wp:featuredmedia":[{"embeddable":true,"href":"https:\/\/sexshopzagues.com.mx\/tienda\/index.php?rest_route=\/wp\/v2\/media\/10532"}],"wp:attachment":[{"href":"https:\/\/sexshopzagues.com.mx\/tienda\/index.php?rest_route=%2Fwp%2Fv2%2Fmedia&parent=10531"}],"wp:term":[{"taxonomy":"product_cat","embeddable":true,"href":"https:\/\/sexshopzagues.com.mx\/tienda\/index.php?rest_route=%2Fwp%2Fv2%2Fproduct_cat&post=10531"},{"taxonomy":"product_tag","embeddable":true,"href":"https:\/\/sexshopzagues.com.mx\/tienda\/index.php?rest_route=%2Fwp%2Fv2%2Fproduct_tag&post=10531"}],"curies":[{"name":"wp","href":"https:\/\/api.w.org\/{rel}","templated":true}]}}