{"id":10529,"date":"2018-04-07T18:52:12","date_gmt":"2018-04-07T18:52:12","guid":{"rendered":"http:\/\/sexshopzagues.com.mx\/tienda\/?post_type=product&#038;p=10529"},"modified":"2023-02-25T02:43:31","modified_gmt":"2023-02-25T02:43:31","slug":"elbow-grease-cream-cool-formula-9-oz","status":"publish","type":"product","link":"https:\/\/sexshopzagues.com.mx\/tienda\/?product=elbow-grease-cream-cool-formula-9-oz","title":{"rendered":"Elbow Grease Cool Cream \u2013 9 Oz."},"content":{"rendered":"<p>Elbow Grease Cool Cream, es de consistencia espesa como la f\u00f3rmula original, pero da efecto frio para hacer m\u00e1s estimulante la experiencia. Formulada para relajar y dilatar el ano.<\/p>\n<p>Elbow Grease Hot es un lubricante seguro de larga duraci\u00f3n que proporciona una sensaci\u00f3n fresca dise\u00f1ado espec\u00edficamente para mejorar su experiencia sexual anal. Las cremas de Elbow Grease solo se deben de utilizar con condones de poliuretano y no deben de ser utilizados con condones de l\u00e1tex.<\/p>\n<p>Ideal pero no exclusivo para la gente fan\u00e1tica del fisting.<\/p>\n<p>Contenido: 9 oz\/255gr<\/p>\n","protected":false},"excerpt":{"rendered":"Crema anal, f\u00f3rmula original.","protected":false},"featured_media":10530,"comment_status":"open","ping_status":"closed","template":"","meta":[],"product_cat":[173,160,56,59],"product_tag":[206],"_links":{"self":[{"href":"https:\/\/sexshopzagues.com.mx\/tienda\/index.php?rest_route=\/wp\/v2\/product\/10529"}],"collection":[{"href":"https:\/\/sexshopzagues.com.mx\/tienda\/index.php?rest_route=\/wp\/v2\/product"}],"about":[{"href":"https:\/\/sexshopzagues.com.mx\/tienda\/index.php?rest_route=\/wp\/v2\/types\/product"}],"replies":[{"embeddable":true,"href":"https:\/\/sexshopzagues.com.mx\/tienda\/index.php?rest_route=%2Fwp%2Fv2%2Fcomments&post=10529"}],"wp:featuredmedia":[{"embeddable":true,"href":"https:\/\/sexshopzagues.com.mx\/tienda\/index.php?rest_route=\/wp\/v2\/media\/10530"}],"wp:attachment":[{"href":"https:\/\/sexshopzagues.com.mx\/tienda\/index.php?rest_route=%2Fwp%2Fv2%2Fmedia&parent=10529"}],"wp:term":[{"taxonomy":"product_cat","embeddable":true,"href":"https:\/\/sexshopzagues.com.mx\/tienda\/index.php?rest_route=%2Fwp%2Fv2%2Fproduct_cat&post=10529"},{"taxonomy":"product_tag","embeddable":true,"href":"https:\/\/sexshopzagues.com.mx\/tienda\/index.php?rest_route=%2Fwp%2Fv2%2Fproduct_tag&post=10529"}],"curies":[{"name":"wp","href":"https:\/\/api.w.org\/{rel}","templated":true}]}}