{"id":10242,"date":"2018-03-12T23:19:10","date_gmt":"2018-03-12T23:19:10","guid":{"rendered":"http:\/\/sexshopzagues.com.mx\/tienda\/?post_type=product&#038;p=10242"},"modified":"2023-02-25T03:07:37","modified_gmt":"2023-02-25T03:07:37","slug":"rechargeable-bullet","status":"publish","type":"product","link":"https:\/\/sexshopzagues.com.mx\/tienda\/?product=rechargeable-bullet","title":{"rendered":"Rechargeable Bullet"},"content":{"rendered":"<p>Bala recargable perfecta para estimular cualquier zona del cuerpo superficialmente. Da un sensual masaje a el o ella con esta potente y discreta bala vibradora recargable.<\/p>\n<p>Dise\u00f1ado para un uso f\u00e1cil, encontrar\u00e1 la operaci\u00f3n en un instante incluso en la noche m\u00e1s oscura. Libre de frustraci\u00f3n y perfecta para el placer, solo un empuj\u00f3n brinda una intensa estimulaci\u00f3n a su manera.<\/p>\n<ul>\n<li>Recargable<\/li>\n<li>3 Velocidades<\/li>\n<li>Incluye cable USB<\/li>\n<li>Potente<\/li>\n<li>A prueba de agua<\/li>\n<li>Medidas: 9.5 x 2cm<\/li>\n<\/ul>\n","protected":false},"excerpt":{"rendered":"Bala vibradora recargable.","protected":false},"featured_media":10243,"comment_status":"open","ping_status":"closed","template":"","meta":[],"product_cat":[158,72,57],"product_tag":[96,75,94,83,118,93],"_links":{"self":[{"href":"https:\/\/sexshopzagues.com.mx\/tienda\/index.php?rest_route=\/wp\/v2\/product\/10242"}],"collection":[{"href":"https:\/\/sexshopzagues.com.mx\/tienda\/index.php?rest_route=\/wp\/v2\/product"}],"about":[{"href":"https:\/\/sexshopzagues.com.mx\/tienda\/index.php?rest_route=\/wp\/v2\/types\/product"}],"replies":[{"embeddable":true,"href":"https:\/\/sexshopzagues.com.mx\/tienda\/index.php?rest_route=%2Fwp%2Fv2%2Fcomments&post=10242"}],"wp:featuredmedia":[{"embeddable":true,"href":"https:\/\/sexshopzagues.com.mx\/tienda\/index.php?rest_route=\/wp\/v2\/media\/10243"}],"wp:attachment":[{"href":"https:\/\/sexshopzagues.com.mx\/tienda\/index.php?rest_route=%2Fwp%2Fv2%2Fmedia&parent=10242"}],"wp:term":[{"taxonomy":"product_cat","embeddable":true,"href":"https:\/\/sexshopzagues.com.mx\/tienda\/index.php?rest_route=%2Fwp%2Fv2%2Fproduct_cat&post=10242"},{"taxonomy":"product_tag","embeddable":true,"href":"https:\/\/sexshopzagues.com.mx\/tienda\/index.php?rest_route=%2Fwp%2Fv2%2Fproduct_tag&post=10242"}],"curies":[{"name":"wp","href":"https:\/\/api.w.org\/{rel}","templated":true}]}}