{"id":10223,"date":"2018-03-10T00:37:46","date_gmt":"2018-03-10T00:37:46","guid":{"rendered":"http:\/\/sexshopzagues.com.mx\/tienda\/?post_type=product&#038;p=10223"},"modified":"2023-02-25T03:08:29","modified_gmt":"2023-02-25T03:08:29","slug":"songs-of-pleasure-pussy-pump","status":"publish","type":"product","link":"https:\/\/sexshopzagues.com.mx\/tienda\/?product=songs-of-pleasure-pussy-pump","title":{"rendered":"Songs of Pleasure Pussy Pump"},"content":{"rendered":"<p>Experimenta estimulaci\u00f3n distinta con esta bomba vaginal, succionar\u00e1 hinchando labios y cl\u00edtoris, haci\u00e9ndoles m\u00e1s sensibles al roce y dando placer en cada apret\u00f3n del gatillo.<\/p>\n","protected":false},"excerpt":{"rendered":"Bomba vaginal","protected":false},"featured_media":10234,"comment_status":"open","ping_status":"closed","template":"","meta":[],"product_cat":[72,60],"product_tag":[77,94],"_links":{"self":[{"href":"https:\/\/sexshopzagues.com.mx\/tienda\/index.php?rest_route=\/wp\/v2\/product\/10223"}],"collection":[{"href":"https:\/\/sexshopzagues.com.mx\/tienda\/index.php?rest_route=\/wp\/v2\/product"}],"about":[{"href":"https:\/\/sexshopzagues.com.mx\/tienda\/index.php?rest_route=\/wp\/v2\/types\/product"}],"replies":[{"embeddable":true,"href":"https:\/\/sexshopzagues.com.mx\/tienda\/index.php?rest_route=%2Fwp%2Fv2%2Fcomments&post=10223"}],"wp:featuredmedia":[{"embeddable":true,"href":"https:\/\/sexshopzagues.com.mx\/tienda\/index.php?rest_route=\/wp\/v2\/media\/10234"}],"wp:attachment":[{"href":"https:\/\/sexshopzagues.com.mx\/tienda\/index.php?rest_route=%2Fwp%2Fv2%2Fmedia&parent=10223"}],"wp:term":[{"taxonomy":"product_cat","embeddable":true,"href":"https:\/\/sexshopzagues.com.mx\/tienda\/index.php?rest_route=%2Fwp%2Fv2%2Fproduct_cat&post=10223"},{"taxonomy":"product_tag","embeddable":true,"href":"https:\/\/sexshopzagues.com.mx\/tienda\/index.php?rest_route=%2Fwp%2Fv2%2Fproduct_tag&post=10223"}],"curies":[{"name":"wp","href":"https:\/\/api.w.org\/{rel}","templated":true}]}}