{"id":10213,"date":"2018-03-10T00:24:17","date_gmt":"2018-03-10T00:24:17","guid":{"rendered":"http:\/\/sexshopzagues.com.mx\/tienda\/?post_type=product&#038;p=10213"},"modified":"2023-02-25T05:56:36","modified_gmt":"2023-02-25T05:56:36","slug":"bend-over-for-beginner","status":"publish","type":"product","link":"https:\/\/sexshopzagues.com.mx\/tienda\/?product=bend-over-for-beginner","title":{"rendered":"Bend Over For Beginner"},"content":{"rendered":"<p>Arn\u00e9s reforzado, totalmente ajustable, su dildo 100% silic\u00f3n cuenta con curvatura para proporcionar mayor estimulaci\u00f3n a ella o \u00e9l; adem\u00e1s es desmontable y contiene 2 anillos extra para poder colocar el dildo que desees.<\/p>\n","protected":false},"excerpt":{"rendered":"Arn\u00e9s reforzado con dildo curvo","protected":false},"featured_media":10212,"comment_status":"open","ping_status":"closed","template":"","meta":[],"product_cat":[63],"product_tag":[77],"_links":{"self":[{"href":"https:\/\/sexshopzagues.com.mx\/tienda\/index.php?rest_route=\/wp\/v2\/product\/10213"}],"collection":[{"href":"https:\/\/sexshopzagues.com.mx\/tienda\/index.php?rest_route=\/wp\/v2\/product"}],"about":[{"href":"https:\/\/sexshopzagues.com.mx\/tienda\/index.php?rest_route=\/wp\/v2\/types\/product"}],"replies":[{"embeddable":true,"href":"https:\/\/sexshopzagues.com.mx\/tienda\/index.php?rest_route=%2Fwp%2Fv2%2Fcomments&post=10213"}],"wp:featuredmedia":[{"embeddable":true,"href":"https:\/\/sexshopzagues.com.mx\/tienda\/index.php?rest_route=\/wp\/v2\/media\/10212"}],"wp:attachment":[{"href":"https:\/\/sexshopzagues.com.mx\/tienda\/index.php?rest_route=%2Fwp%2Fv2%2Fmedia&parent=10213"}],"wp:term":[{"taxonomy":"product_cat","embeddable":true,"href":"https:\/\/sexshopzagues.com.mx\/tienda\/index.php?rest_route=%2Fwp%2Fv2%2Fproduct_cat&post=10213"},{"taxonomy":"product_tag","embeddable":true,"href":"https:\/\/sexshopzagues.com.mx\/tienda\/index.php?rest_route=%2Fwp%2Fv2%2Fproduct_tag&post=10213"}],"curies":[{"name":"wp","href":"https:\/\/api.w.org\/{rel}","templated":true}]}}